{"id":46,"date":"2015-07-08T16:13:18","date_gmt":"2015-07-08T16:13:18","guid":{"rendered":"http:\/\/blocs.xarxanet.org\/titellada\/?page_id=46"},"modified":"2015-09-20T20:51:04","modified_gmt":"2015-09-20T20:51:04","slug":"cia-el-raco-del-gat","status":"publish","type":"page","link":"https:\/\/blocs.xarxanet.org\/titellada\/cia-el-raco-del-gat\/","title":{"rendered":"Cia. El Rac\u00f3 del Gat"},"content":{"rendered":"<h6><strong>P\u00e0gina en construcci\u00f3.<\/strong><\/h6>\n<h6><strong>Disponible properament.<\/strong><\/h6>\n<h6><strong>Disculpeu les mol\u00e8sties.<\/strong><\/h6>\n","protected":false},"excerpt":{"rendered":"<p>P\u00e0gina en construcci\u00f3. Disponible properament. Disculpeu les mol\u00e8sties.<\/p>\n","protected":false},"author":410,"featured_media":0,"parent":0,"menu_order":6,"comment_status":"closed","ping_status":"closed","template":"","meta":{"footnotes":""},"class_list":["post-46","page","type-page","status-publish","hentry"],"_links":{"self":[{"href":"https:\/\/blocs.xarxanet.org\/titellada\/wp-json\/wp\/v2\/pages\/46","targetHints":{"allow":["GET"]}}],"collection":[{"href":"https:\/\/blocs.xarxanet.org\/titellada\/wp-json\/wp\/v2\/pages"}],"about":[{"href":"https:\/\/blocs.xarxanet.org\/titellada\/wp-json\/wp\/v2\/types\/page"}],"author":[{"embeddable":true,"href":"https:\/\/blocs.xarxanet.org\/titellada\/wp-json\/wp\/v2\/users\/410"}],"replies":[{"embeddable":true,"href":"https:\/\/blocs.xarxanet.org\/titellada\/wp-json\/wp\/v2\/comments?post=46"}],"version-history":[{"count":2,"href":"https:\/\/blocs.xarxanet.org\/titellada\/wp-json\/wp\/v2\/pages\/46\/revisions"}],"predecessor-version":[{"id":132,"href":"https:\/\/blocs.xarxanet.org\/titellada\/wp-json\/wp\/v2\/pages\/46\/revisions\/132"}],"wp:attachment":[{"href":"https:\/\/blocs.xarxanet.org\/titellada\/wp-json\/wp\/v2\/media?parent=46"}],"curies":[{"name":"wp","href":"https:\/\/api.w.org\/{rel}","templated":true}]}}