{"id":185,"date":"2015-01-01T21:03:01","date_gmt":"2015-01-01T19:03:01","guid":{"rendered":"http:\/\/blocs.xarxanet.org\/teatrecorpus\/?page_id=185"},"modified":"2026-03-17T21:53:19","modified_gmt":"2026-03-17T19:53:19","slug":"programacio","status":"publish","type":"page","link":"https:\/\/blocs.xarxanet.org\/teatrecorpus\/programacio\/","title":{"rendered":"PROGRAMACI\u00d3"},"content":{"rendered":"<p><span style=\"text-decoration: underline\"><strong>PR\u00d2XIMS BOLOS<\/strong><\/span><\/p>\n<p><em>Desclassificats<\/em>. Divendres, 27 de mar\u00e7 del 2026. 20 h. Sala Maremar (Barcelona)<\/p>\n<p><em>Nit electoral<\/em>. Divendres, 1 de maig del 2026. 17 h. Pineda de Mar<\/p>\n<p>&nbsp;<\/p>\n<p><span style=\"text-decoration: underline\"><strong>PR\u00d2XIMA ESTRENA DE LA TEMPORADA 2025-2026<\/strong><\/span><\/p>\n<p><em>Els amics d&#8217;en Peter<\/em><\/p>\n<p>Dissabte, 6 de juny del 2026, 20 h<\/p>\n<p>Diumenge, 7 de juny del 2026, 18 h<\/p>\n<p>Escola Pia Balmes<\/p>\n<p>Carrer Balmes, 218<\/p>\n<p>Barcelona<\/p>\n","protected":false},"excerpt":{"rendered":"<p>PR\u00d2XIMS BOLOS Desclassificats. Divendres, 27 de mar\u00e7 del 2026. 20 h. Sala Maremar (Barcelona) Nit electoral. Divendres, 1 de maig del 2026. 17 h. Pineda de Mar &nbsp; PR\u00d2XIMA ESTRENA DE LA TEMPORADA 2025-2026 Els amics d&#8217;en Peter Dissabte, 6 de juny del 2026, 20 h Diumenge, 7 de juny del 2026, 18 h Escola <a class=\"read-more\" href=\"https:\/\/blocs.xarxanet.org\/teatrecorpus\/programacio\/\">[&hellip;]<\/a><\/p>\n","protected":false},"author":382,"featured_media":0,"parent":0,"menu_order":3,"comment_status":"closed","ping_status":"closed","template":"","meta":{"footnotes":""},"class_list":["post-185","page","type-page","status-publish","hentry"],"_links":{"self":[{"href":"https:\/\/blocs.xarxanet.org\/teatrecorpus\/wp-json\/wp\/v2\/pages\/185","targetHints":{"allow":["GET"]}}],"collection":[{"href":"https:\/\/blocs.xarxanet.org\/teatrecorpus\/wp-json\/wp\/v2\/pages"}],"about":[{"href":"https:\/\/blocs.xarxanet.org\/teatrecorpus\/wp-json\/wp\/v2\/types\/page"}],"author":[{"embeddable":true,"href":"https:\/\/blocs.xarxanet.org\/teatrecorpus\/wp-json\/wp\/v2\/users\/382"}],"replies":[{"embeddable":true,"href":"https:\/\/blocs.xarxanet.org\/teatrecorpus\/wp-json\/wp\/v2\/comments?post=185"}],"version-history":[{"count":220,"href":"https:\/\/blocs.xarxanet.org\/teatrecorpus\/wp-json\/wp\/v2\/pages\/185\/revisions"}],"predecessor-version":[{"id":2476,"href":"https:\/\/blocs.xarxanet.org\/teatrecorpus\/wp-json\/wp\/v2\/pages\/185\/revisions\/2476"}],"wp:attachment":[{"href":"https:\/\/blocs.xarxanet.org\/teatrecorpus\/wp-json\/wp\/v2\/media?parent=185"}],"curies":[{"name":"wp","href":"https:\/\/api.w.org\/{rel}","templated":true}]}}