{"id":277,"date":"2013-06-25T12:08:11","date_gmt":"2013-06-25T12:08:11","guid":{"rendered":"http:\/\/efit.barcelona.ppe.entitats.diba.cat\/projectes\/descoberta\/"},"modified":"2020-12-25T11:55:13","modified_gmt":"2020-12-25T09:55:13","slug":"descoberta","status":"publish","type":"page","link":"https:\/\/blocs.xarxanet.org\/fraternitatdebaix\/projectes\/descoberta\/","title":{"rendered":"Descoberta"},"content":{"rendered":"<h3>\u00a0<img fetchpriority=\"high\" decoding=\"async\" class=\"alignnone  wp-image-4714\" src=\"http:\/\/blocs.xarxanet.org\/fraternitatdebaix\/files\/2020\/12\/desco1.jpg\" alt=\"\" width=\"262\" height=\"196\" \/><\/h3>\n<h3>Comissi\u00f3 Descoberta<\/h3>\n<p>La Comissi\u00f3 Descoberta est\u00e1 format per associats, que amb la seva participaci\u00f3 desinteressada, es reuneixen peri\u00f3dicament per planificar i coordinar sortides culturals, l\u00fadiques i excursions fora de Barcelona.<\/p>\n<h3><img decoding=\"async\" class=\"alignnone  wp-image-4713\" style=\"font-size: 16px;font-weight: 400\" src=\"http:\/\/blocs.xarxanet.org\/fraternitatdebaix\/files\/2020\/12\/desco2.jpg\" alt=\"\" width=\"214\" height=\"160\" \/><\/h3>\n<h3>Envia\u00a0les teves idees<\/h3>\n<p>Si tens una idea de sortida o activitat de descoberta envia un mail a efit_descoberta@yahoo.es i ens posarem en contacte amb tu el m\u00e9s aviat possible.<\/p>\n","protected":false},"excerpt":{"rendered":"<p>\u00a0 Comissi\u00f3 Descoberta La Comissi\u00f3 Descoberta est\u00e1 format per associats, que amb la seva participaci\u00f3 desinteressada, es reuneixen peri\u00f3dicament per planificar i coordinar sortides culturals, l\u00fadiques i excursions fora de Barcelona. Envia\u00a0les teves idees Si tens una idea de sortida &hellip; <a href=\"https:\/\/blocs.xarxanet.org\/fraternitatdebaix\/projectes\/descoberta\/\">Continue reading <span class=\"meta-nav\">&rarr;<\/span><\/a><\/p>\n","protected":false},"author":477,"featured_media":0,"parent":275,"menu_order":11,"comment_status":"open","ping_status":"open","template":"","meta":{"footnotes":""},"class_list":["post-277","page","type-page","status-publish","hentry"],"_links":{"self":[{"href":"https:\/\/blocs.xarxanet.org\/fraternitatdebaix\/wp-json\/wp\/v2\/pages\/277","targetHints":{"allow":["GET"]}}],"collection":[{"href":"https:\/\/blocs.xarxanet.org\/fraternitatdebaix\/wp-json\/wp\/v2\/pages"}],"about":[{"href":"https:\/\/blocs.xarxanet.org\/fraternitatdebaix\/wp-json\/wp\/v2\/types\/page"}],"author":[{"embeddable":true,"href":"https:\/\/blocs.xarxanet.org\/fraternitatdebaix\/wp-json\/wp\/v2\/users\/477"}],"replies":[{"embeddable":true,"href":"https:\/\/blocs.xarxanet.org\/fraternitatdebaix\/wp-json\/wp\/v2\/comments?post=277"}],"version-history":[{"count":2,"href":"https:\/\/blocs.xarxanet.org\/fraternitatdebaix\/wp-json\/wp\/v2\/pages\/277\/revisions"}],"predecessor-version":[{"id":4712,"href":"https:\/\/blocs.xarxanet.org\/fraternitatdebaix\/wp-json\/wp\/v2\/pages\/277\/revisions\/4712"}],"up":[{"embeddable":true,"href":"https:\/\/blocs.xarxanet.org\/fraternitatdebaix\/wp-json\/wp\/v2\/pages\/275"}],"wp:attachment":[{"href":"https:\/\/blocs.xarxanet.org\/fraternitatdebaix\/wp-json\/wp\/v2\/media?parent=277"}],"curies":[{"name":"wp","href":"https:\/\/api.w.org\/{rel}","templated":true}]}}