{"id":271,"date":"2013-06-25T12:08:11","date_gmt":"2013-06-25T12:08:11","guid":{"rendered":"http:\/\/efit.barcelona.ppe.entitats.diba.cat\/qui-som\/on-som\/"},"modified":"2020-12-24T19:54:38","modified_gmt":"2020-12-24T17:54:38","slug":"on-som","status":"publish","type":"page","link":"https:\/\/blocs.xarxanet.org\/fraternitatdebaix\/qui-som\/on-som\/","title":{"rendered":"On som?"},"content":{"rendered":"<div class=\"on-som-content boxes\">\n<article id=\"post-1408\" class=\"post-1408 diba_general type-diba_general status-publish hentry t_general-on-som\">\n<header>\n<h3 class=\"entry-title\">L&#8217;ASSOCIACI\u00d3<\/h3>\n<\/header>\n<h4>Espai<\/h4>\n<p>Ens podreu trobar al carrers Fraternitat i Torres. Aquests espais es on desenvolupen les activitats art\u00edstiques de la Festa Major i el Carnestoltes, entre altres.<\/p>\n<footer class=\"entry-meta\"><\/footer>\n<\/article>\n<div class=\"diba-fix\"><\/div>\n<article id=\"post-1409\" class=\"post-1409 diba_general type-diba_general status-publish hentry t_general-on-som\">\n<header>\n<h3 class=\"entry-title\">Direcci\u00f3 Oficial<\/h3>\n<\/header>\n<p>Mantenim l\u2019adre\u00e7a inicial per als enviaments. Si vols contactar amb nosaltres vi\u00e0 correu postal pots fer-nos arribar les teves cartes al C\/ Torres, n\u00ba 4 baixos.<\/p>\n<footer class=\"entry-meta\"><\/footer>\n<\/article>\n<div class=\"diba-fix\"><\/div>\n<article id=\"post-1404\" class=\"post-1404 diba_general type-diba_general status-publish has-post-thumbnail hentry t_general-on-som\">\n<div class=\"diba-thumbnail\"><a class=\"zoom cboxElement\" href=\"https:\/\/i0.wp.com\/efit.barcelona.ppe.entitats.diba.cat\/wp-content\/uploads\/sites\/28\/2007\/10\/planol_58973.jpg?fit=448%2C321\"><img fetchpriority=\"high\" decoding=\"async\" class=\"\" src=\"https:\/\/i0.wp.com\/efit.barcelona.ppe.entitats.diba.cat\/wp-content\/uploads\/sites\/28\/2007\/10\/planol_58973.jpg?fit=170%2C121\" width=\"269\" height=\"192\" \/><\/a><\/div>\n<header>\n<h3><\/h3>\n<h3 class=\"entry-title\">Situaci\u00f3<\/h3>\n<\/header>\n<h4>Carrers Fraternitat i Torres<\/h4>\n<footer class=\"entry-meta\"><\/footer>\n<\/article>\n<div class=\"diba-fix\"><\/div>\n<article id=\"post-1406\" class=\"post-1406 diba_general type-diba_general status-publish has-post-thumbnail hentry t_general-on-som\">\n<div class=\"diba-thumbnail\"><a class=\"zoom cboxElement\" href=\"https:\/\/i2.wp.com\/efit.barcelona.ppe.entitats.diba.cat\/wp-content\/uploads\/sites\/28\/2007\/10\/planolVialitat_58974.jpg?fit=448%2C320\"><img decoding=\"async\" class=\"\" src=\"https:\/\/i2.wp.com\/efit.barcelona.ppe.entitats.diba.cat\/wp-content\/uploads\/sites\/28\/2007\/10\/planolVialitat_58974.jpg?fit=170%2C121\" width=\"202\" height=\"144\" \/><\/a><\/div>\n<header>\n<h3><\/h3>\n<h3 class=\"entry-title\">Acc\u00e8s a la zona<\/h3>\n<\/header>\n<footer class=\"entry-meta\"><\/footer>\n<\/article>\n<div class=\"diba-fix\"><\/div>\n<\/div>\n<div class=\"on-som-col boxes\">\n<div class=\"on-som-info-entitat\"><\/div>\n<div id=\"diba-widget-on-som\" class=\"diba-widget-on-som\" role=\"\">\n<aside id=\"diba_info_entitat-3\" class=\"widget widget_diba_info_entitat\">\n<div class=\"widget-info-entitat\">\n<p><strong>Associaci\u00f3 de Ve\u00efns i Amics del Carrer Fraternitat de Baix\u00a0 \u00a0 \u00a0EFIT<\/strong><\/p>\n<div>Josep Torres 4 i Fraternitat 24<\/div>\n<div>08012, Barcelona<\/div>\n<div><\/div>\n<\/div>\n<\/aside>\n<\/div>\n<\/div>\n","protected":false},"excerpt":{"rendered":"<p>L&#8217;ASSOCIACI\u00d3 Espai Ens podreu trobar al carrers Fraternitat i Torres. Aquests espais es on desenvolupen les activitats art\u00edstiques de la Festa Major i el Carnestoltes, entre altres. Direcci\u00f3 Oficial Mantenim l\u2019adre\u00e7a inicial per als enviaments. Si vols contactar amb nosaltres &hellip; <a href=\"https:\/\/blocs.xarxanet.org\/fraternitatdebaix\/qui-som\/on-som\/\">Continue reading <span class=\"meta-nav\">&rarr;<\/span><\/a><\/p>\n","protected":false},"author":477,"featured_media":0,"parent":263,"menu_order":8,"comment_status":"open","ping_status":"open","template":"","meta":{"footnotes":""},"class_list":["post-271","page","type-page","status-publish","hentry"],"_links":{"self":[{"href":"https:\/\/blocs.xarxanet.org\/fraternitatdebaix\/wp-json\/wp\/v2\/pages\/271","targetHints":{"allow":["GET"]}}],"collection":[{"href":"https:\/\/blocs.xarxanet.org\/fraternitatdebaix\/wp-json\/wp\/v2\/pages"}],"about":[{"href":"https:\/\/blocs.xarxanet.org\/fraternitatdebaix\/wp-json\/wp\/v2\/types\/page"}],"author":[{"embeddable":true,"href":"https:\/\/blocs.xarxanet.org\/fraternitatdebaix\/wp-json\/wp\/v2\/users\/477"}],"replies":[{"embeddable":true,"href":"https:\/\/blocs.xarxanet.org\/fraternitatdebaix\/wp-json\/wp\/v2\/comments?post=271"}],"version-history":[{"count":3,"href":"https:\/\/blocs.xarxanet.org\/fraternitatdebaix\/wp-json\/wp\/v2\/pages\/271\/revisions"}],"predecessor-version":[{"id":4707,"href":"https:\/\/blocs.xarxanet.org\/fraternitatdebaix\/wp-json\/wp\/v2\/pages\/271\/revisions\/4707"}],"up":[{"embeddable":true,"href":"https:\/\/blocs.xarxanet.org\/fraternitatdebaix\/wp-json\/wp\/v2\/pages\/263"}],"wp:attachment":[{"href":"https:\/\/blocs.xarxanet.org\/fraternitatdebaix\/wp-json\/wp\/v2\/media?parent=271"}],"curies":[{"name":"wp","href":"https:\/\/api.w.org\/{rel}","templated":true}]}}