{"id":269,"date":"2013-06-25T12:08:11","date_gmt":"2013-06-25T12:08:11","guid":{"rendered":"http:\/\/efit.barcelona.ppe.entitats.diba.cat\/qui-som\/imatge\/"},"modified":"2020-12-24T19:24:15","modified_gmt":"2020-12-24T17:24:15","slug":"imatge","status":"publish","type":"page","link":"https:\/\/blocs.xarxanet.org\/fraternitatdebaix\/qui-som\/imatge\/","title":{"rendered":"Imatge"},"content":{"rendered":"<h4>LOGOTIP<\/h4>\n<h6>La nostra imatge<\/h6>\n<p><img decoding=\"async\" class=\"size-full wp-image-4698 aligncenter\" src=\"http:\/\/blocs.xarxanet.org\/fraternitatdebaix\/files\/2020\/12\/logonou.png\" alt=\"\" width=\"197\" height=\"108\" \/><\/p>\n<p>Una de les idees b\u00e0siques des del primer dia, ha estat la de crear una imatge identificativa de l\u2019associaci\u00f3.<\/p>\n<p>Es per aquesta ra\u00f3 que es va encarregar el disseny del logotip al Gaspar Ca\u00f1ada.<\/p>\n<p>El logotip identifica, per una banda, els or\u00edgens de l\u2019associaci\u00f3 amb la imatge de la torre, per altre, el color taronja transmeteix diversi\u00f3, alegria i calidesa.<\/p>\n<p>La versi\u00f3 actual \u00e9s una modernitzaci\u00f3 del logotip inicial, tamb\u00e9 realitzada pel Gaspar Ca\u00f1ada.<\/p>\n<h3 class=\"entry-title\">EL TOTI<\/h3>\n<h6>La nostra mascota<\/h6>\n<div>\n<p><img decoding=\"async\" class=\"wp-image-1521 aligncenter\" src=\"http:\/\/blocs.xarxanet.org\/fraternitatdebaix\/files\/2008\/12\/toti_turista_69719.jpg\" alt=\"Imatge de complement\" width=\"159\" height=\"143\" \/><\/p>\n<p>Aquesta \u00e9s la nostra mascota, estar amb nosaltres des de el principi ens acompanya a totes les activitats que realitzem.<\/p>\n<\/div>\n","protected":false},"excerpt":{"rendered":"<p>LOGOTIP La nostra imatge Una de les idees b\u00e0siques des del primer dia, ha estat la de crear una imatge identificativa de l\u2019associaci\u00f3. Es per aquesta ra\u00f3 que es va encarregar el disseny del logotip al Gaspar Ca\u00f1ada. El logotip &hellip; <a href=\"https:\/\/blocs.xarxanet.org\/fraternitatdebaix\/qui-som\/imatge\/\">Continue reading <span class=\"meta-nav\">&rarr;<\/span><\/a><\/p>\n","protected":false},"author":477,"featured_media":0,"parent":263,"menu_order":7,"comment_status":"open","ping_status":"open","template":"","meta":{"footnotes":""},"class_list":["post-269","page","type-page","status-publish","hentry"],"_links":{"self":[{"href":"https:\/\/blocs.xarxanet.org\/fraternitatdebaix\/wp-json\/wp\/v2\/pages\/269","targetHints":{"allow":["GET"]}}],"collection":[{"href":"https:\/\/blocs.xarxanet.org\/fraternitatdebaix\/wp-json\/wp\/v2\/pages"}],"about":[{"href":"https:\/\/blocs.xarxanet.org\/fraternitatdebaix\/wp-json\/wp\/v2\/types\/page"}],"author":[{"embeddable":true,"href":"https:\/\/blocs.xarxanet.org\/fraternitatdebaix\/wp-json\/wp\/v2\/users\/477"}],"replies":[{"embeddable":true,"href":"https:\/\/blocs.xarxanet.org\/fraternitatdebaix\/wp-json\/wp\/v2\/comments?post=269"}],"version-history":[{"count":5,"href":"https:\/\/blocs.xarxanet.org\/fraternitatdebaix\/wp-json\/wp\/v2\/pages\/269\/revisions"}],"predecessor-version":[{"id":4703,"href":"https:\/\/blocs.xarxanet.org\/fraternitatdebaix\/wp-json\/wp\/v2\/pages\/269\/revisions\/4703"}],"up":[{"embeddable":true,"href":"https:\/\/blocs.xarxanet.org\/fraternitatdebaix\/wp-json\/wp\/v2\/pages\/263"}],"wp:attachment":[{"href":"https:\/\/blocs.xarxanet.org\/fraternitatdebaix\/wp-json\/wp\/v2\/media?parent=269"}],"curies":[{"name":"wp","href":"https:\/\/api.w.org\/{rel}","templated":true}]}}