{"id":265,"date":"2013-06-25T12:08:11","date_gmt":"2013-06-25T12:08:11","guid":{"rendered":"http:\/\/efit.barcelona.ppe.entitats.diba.cat\/qui-som\/presentacio\/"},"modified":"2020-12-24T14:42:12","modified_gmt":"2020-12-24T12:42:12","slug":"presentacio","status":"publish","type":"page","link":"https:\/\/blocs.xarxanet.org\/fraternitatdebaix\/qui-som\/presentacio\/","title":{"rendered":"Presentaci\u00f3"},"content":{"rendered":"<p>Som una associaci\u00f3 sense \u00e0nim de lucre que ens dediquem a enfortir la conviv\u00e8ncia dintre del barri de Gr\u00e0cia.<\/p>\n<p>La nostre finalitat es promoure activitats de lleure durant tot l\u2019any, la participaci\u00f3 en activitats de la Vila de Gr\u00e0cia com son el Carnestoltes i la Festa Major.<\/p>\n","protected":false},"excerpt":{"rendered":"<p>Som una associaci\u00f3 sense \u00e0nim de lucre que ens dediquem a enfortir la conviv\u00e8ncia dintre del barri de Gr\u00e0cia. La nostre finalitat es promoure activitats de lleure durant tot l\u2019any, la participaci\u00f3 en activitats de la Vila de Gr\u00e0cia com &hellip; <a href=\"https:\/\/blocs.xarxanet.org\/fraternitatdebaix\/qui-som\/presentacio\/\">Continue reading <span class=\"meta-nav\">&rarr;<\/span><\/a><\/p>\n","protected":false},"author":477,"featured_media":1394,"parent":263,"menu_order":5,"comment_status":"open","ping_status":"open","template":"","meta":{"footnotes":""},"class_list":["post-265","page","type-page","status-publish","has-post-thumbnail","hentry"],"_links":{"self":[{"href":"https:\/\/blocs.xarxanet.org\/fraternitatdebaix\/wp-json\/wp\/v2\/pages\/265","targetHints":{"allow":["GET"]}}],"collection":[{"href":"https:\/\/blocs.xarxanet.org\/fraternitatdebaix\/wp-json\/wp\/v2\/pages"}],"about":[{"href":"https:\/\/blocs.xarxanet.org\/fraternitatdebaix\/wp-json\/wp\/v2\/types\/page"}],"author":[{"embeddable":true,"href":"https:\/\/blocs.xarxanet.org\/fraternitatdebaix\/wp-json\/wp\/v2\/users\/477"}],"replies":[{"embeddable":true,"href":"https:\/\/blocs.xarxanet.org\/fraternitatdebaix\/wp-json\/wp\/v2\/comments?post=265"}],"version-history":[{"count":5,"href":"https:\/\/blocs.xarxanet.org\/fraternitatdebaix\/wp-json\/wp\/v2\/pages\/265\/revisions"}],"predecessor-version":[{"id":4678,"href":"https:\/\/blocs.xarxanet.org\/fraternitatdebaix\/wp-json\/wp\/v2\/pages\/265\/revisions\/4678"}],"up":[{"embeddable":true,"href":"https:\/\/blocs.xarxanet.org\/fraternitatdebaix\/wp-json\/wp\/v2\/pages\/263"}],"wp:featuredmedia":[{"embeddable":true,"href":"https:\/\/blocs.xarxanet.org\/fraternitatdebaix\/wp-json\/wp\/v2\/media\/1394"}],"wp:attachment":[{"href":"https:\/\/blocs.xarxanet.org\/fraternitatdebaix\/wp-json\/wp\/v2\/media?parent=265"}],"curies":[{"name":"wp","href":"https:\/\/api.w.org\/{rel}","templated":true}]}}