{"id":2136,"date":"2015-09-16T19:47:51","date_gmt":"2015-09-16T17:47:51","guid":{"rendered":"http:\/\/blocs.xarxanet.org\/cjvandellos\/?page_id=2136"},"modified":"2015-09-16T19:47:51","modified_gmt":"2015-09-16T17:47:51","slug":"ajv","status":"publish","type":"page","link":"https:\/\/blocs.xarxanet.org\/cjvandellos\/entitats-juvenils\/ajv\/","title":{"rendered":"AJV"},"content":{"rendered":"<p><a href=\"https:\/\/www.facebook.com\/associaciojovesvandellos\"><img loading=\"lazy\" decoding=\"async\" class=\"alignleft\" alt=\"\" src=\"http:\/\/blocs.xarxanet.org\/cjvandellos\/files\/2013\/04\/Logo-AJV.jpg\" width=\"140\" height=\"172\" \/><\/a>L&#8217;<a href=\"https:\/\/www.facebook.com\/associaciojovesvandellos\">Associaci\u00f3 de Joves de Vandell\u00f2s<\/a> \u00e9s una entitat sense \u00e0nim de lucre formada pels joves de Vandell\u00f2s. Tenen com a objectiu \u00a0servir com a eix per relacionar diferents colles i generacions de joves aix\u00ed com defensar els interessos del jovent en tots els ambits. Tamb\u00e9 organitzen actes festius i<\/p>\n<p>culturals destinats, principalment, per\u00f2 no exclusivament, als joves del poble.<\/p>\n<p>El seu projecte m\u00e9s important \u00e9s el <strong>FESTIVAL DE L&#8217;AGL\u00c0 <\/strong>que se celebra al novembre.<\/p>\n<p><em>Any de constituci\u00f3<\/em>: 2011<\/p>\n<p><em>Contacte<\/em>: associaciojovesvandellos@gmail.com | <a href=\"https:\/\/www.facebook.com\/pages\/Associaci%C3%B3-Joves-Vandell%C3%B2s\/358082654303017\">Facebook<\/a><\/p>\n<p style=\"text-align: center\">[youtube dSCskli_gLw]<\/p>\n","protected":false},"excerpt":{"rendered":"<p>L&#8217;Associaci\u00f3 de Joves de Vandell\u00f2s \u00e9s una entitat sense \u00e0nim de lucre formada pels joves de Vandell\u00f2s. Tenen com a objectiu \u00a0servir com a eix per relacionar diferents colles i generacions de joves aix\u00ed com defensar els interessos del jovent en tots els ambits. Tamb\u00e9 organitzen actes festius i culturals destinats, principalment, per\u00f2 no exclusivament, [&hellip;]<\/p>\n","protected":false},"author":140,"featured_media":0,"parent":1276,"menu_order":0,"comment_status":"open","ping_status":"closed","template":"","meta":{"footnotes":""},"class_list":["post-2136","page","type-page","status-publish","hentry"],"_links":{"self":[{"href":"https:\/\/blocs.xarxanet.org\/cjvandellos\/wp-json\/wp\/v2\/pages\/2136","targetHints":{"allow":["GET"]}}],"collection":[{"href":"https:\/\/blocs.xarxanet.org\/cjvandellos\/wp-json\/wp\/v2\/pages"}],"about":[{"href":"https:\/\/blocs.xarxanet.org\/cjvandellos\/wp-json\/wp\/v2\/types\/page"}],"author":[{"embeddable":true,"href":"https:\/\/blocs.xarxanet.org\/cjvandellos\/wp-json\/wp\/v2\/users\/140"}],"replies":[{"embeddable":true,"href":"https:\/\/blocs.xarxanet.org\/cjvandellos\/wp-json\/wp\/v2\/comments?post=2136"}],"version-history":[{"count":2,"href":"https:\/\/blocs.xarxanet.org\/cjvandellos\/wp-json\/wp\/v2\/pages\/2136\/revisions"}],"predecessor-version":[{"id":2138,"href":"https:\/\/blocs.xarxanet.org\/cjvandellos\/wp-json\/wp\/v2\/pages\/2136\/revisions\/2138"}],"up":[{"embeddable":true,"href":"https:\/\/blocs.xarxanet.org\/cjvandellos\/wp-json\/wp\/v2\/pages\/1276"}],"wp:attachment":[{"href":"https:\/\/blocs.xarxanet.org\/cjvandellos\/wp-json\/wp\/v2\/media?parent=2136"}],"curies":[{"name":"wp","href":"https:\/\/api.w.org\/{rel}","templated":true}]}}