{"id":31,"date":"2022-10-06T17:36:57","date_gmt":"2022-10-06T15:36:57","guid":{"rendered":"http:\/\/blocs.xarxanet.org\/ccgg-garrotxa\/?page_id=31"},"modified":"2022-10-06T17:36:57","modified_gmt":"2022-10-06T15:36:57","slug":"que-es","status":"publish","type":"page","link":"https:\/\/blocs.xarxanet.org\/ccgg-garrotxa\/que-es\/","title":{"rendered":"QU\u00c8 \u00c9S"},"content":{"rendered":"<div class=\"entry-content\">\n<p>El Consell Consultiu de la Gent Gran de la Garrotxa \u00e9s un \u00f2rgan de participaci\u00f3 i consulta del Consell Comarcal de la Garrotxa format per les associacions de gent gran de la comarca amb l\u2019objectiu de coordinar actuacions i iniciatives conjuntes sobre gent gran que es realitzin a la comarca per tal de millorar el benestar i la qualitat de vida d\u2019aquest col\u00b7lectiu.<\/p>\n<p>Els objectius s\u00f3n:<\/p>\n<ul>\n<li>Fer de canal de comunicaci\u00f3 entre el Consell Comarcal i casals de gent gran de la comarca.<\/li>\n<li>Fomentar espais de relaci\u00f3 i trobada entre els diferents casals i gent gran de la comarca.<\/li>\n<li>Generar espais de consulta i participaci\u00f3 en temes que afecten directament a la gent gran de la comarca.<\/li>\n<li>Detectar noves necessitats en aquest \u00e0mbit.<\/li>\n<\/ul>\n<p>El Consell Consultiu organitza anualment dues activitats:<\/p>\n<ul>\n<li>Reunions peri\u00f2diques entre casals i associacions de la gent gran de la comarca i l\u2019administraci\u00f3 p\u00fablica per tractar temes d\u2019inter\u00e8s de la gent gran de la Garrotxa.<\/li>\n<li>Dinar de jubilats i jubilades de la gent gran. Un acte l\u00fadic que vol refor\u00e7ar els lla\u00e7os i relaci\u00f3 entre les persones de la comarca.<\/li>\n<li>Sortides conjuntes a la comarca per con\u00e8ixer la comarca i gaudir conjuntament d\u2019un dia l\u00fadic i educatiu.<\/li>\n<\/ul>\n<\/div>\n","protected":false},"excerpt":{"rendered":"<p>El Consell Consultiu de la Gent Gran de la Garrotxa \u00e9s un \u00f2rgan de participaci\u00f3 i consulta del Consell Comarcal de la Garrotxa format per les associacions de gent gran de la comarca amb l\u2019objectiu de coordinar actuacions i iniciatives &hellip; <a href=\"https:\/\/blocs.xarxanet.org\/ccgg-garrotxa\/que-es\/\">Continua llegint <span class=\"meta-nav\">&rarr;<\/span><\/a><\/p>\n","protected":false},"author":1,"featured_media":0,"parent":0,"menu_order":0,"comment_status":"closed","ping_status":"closed","template":"","meta":{"footnotes":""},"class_list":["post-31","page","type-page","status-publish","hentry"],"_links":{"self":[{"href":"https:\/\/blocs.xarxanet.org\/ccgg-garrotxa\/wp-json\/wp\/v2\/pages\/31","targetHints":{"allow":["GET"]}}],"collection":[{"href":"https:\/\/blocs.xarxanet.org\/ccgg-garrotxa\/wp-json\/wp\/v2\/pages"}],"about":[{"href":"https:\/\/blocs.xarxanet.org\/ccgg-garrotxa\/wp-json\/wp\/v2\/types\/page"}],"author":[{"embeddable":true,"href":"https:\/\/blocs.xarxanet.org\/ccgg-garrotxa\/wp-json\/wp\/v2\/users\/1"}],"replies":[{"embeddable":true,"href":"https:\/\/blocs.xarxanet.org\/ccgg-garrotxa\/wp-json\/wp\/v2\/comments?post=31"}],"version-history":[{"count":1,"href":"https:\/\/blocs.xarxanet.org\/ccgg-garrotxa\/wp-json\/wp\/v2\/pages\/31\/revisions"}],"predecessor-version":[{"id":32,"href":"https:\/\/blocs.xarxanet.org\/ccgg-garrotxa\/wp-json\/wp\/v2\/pages\/31\/revisions\/32"}],"wp:attachment":[{"href":"https:\/\/blocs.xarxanet.org\/ccgg-garrotxa\/wp-json\/wp\/v2\/media?parent=31"}],"curies":[{"name":"wp","href":"https:\/\/api.w.org\/{rel}","templated":true}]}}