{"id":1250,"date":"2021-01-21T18:42:52","date_gmt":"2021-01-21T16:42:52","guid":{"rendered":"http:\/\/blocs.xarxanet.org\/cbverneda\/?page_id=1250"},"modified":"2021-01-21T18:52:52","modified_gmt":"2021-01-21T16:52:52","slug":"memoria-3","status":"publish","type":"page","link":"https:\/\/blocs.xarxanet.org\/cbverneda\/memoria-3\/","title":{"rendered":"Mem\u00f2ria"},"content":{"rendered":"<p style=\"text-align: center\"><em><strong>&#8220;La mem\u00f2ria \u00e9s el sentilla del cervell&#8221;<\/strong><\/em> &#8211; William Shakespeare<\/p>\n<p>Gaudir d&#8217;una bona salut mental requereix de mantenir el nostre cervell ben actiu, afrontant nous reptes, sortint de les nostres zones de confort. Exercitar la mem\u00f2ria i la gimn\u00e0stica mental \u00e9s un gran exercici per prevenir malalties neurodegeneratives com l&#8217;Alzehimer.<\/p>\n<p>\u00c9s per aquest motiu que des del Casal de Barri organitzem activitats i tallers vinculats a la mem\u00f2ria i a la gimn\u00e0stica mental. A part de mantenir una bona salut mental, \u00e9s d&#8217;all\u00f2 m\u00e9s divertit!!<\/p>\n<p>&nbsp;<\/p>\n","protected":false},"excerpt":{"rendered":"<p>&#8220;La mem\u00f2ria \u00e9s el sentilla del cervell&#8221; &#8211; William Shakespeare Gaudir d&#8217;una bona salut mental requereix de mantenir el nostre cervell ben actiu, afrontant nous reptes, sortint de les nostres zones de confort. Exercitar la mem\u00f2ria i la gimn\u00e0stica mental \u00e9s un gran exercici per prevenir malalties neurodegeneratives com l&#8217;Alzehimer. \u00c9s per aquest motiu que &hellip; <a href=\"https:\/\/blocs.xarxanet.org\/cbverneda\/memoria-3\/\" class=\"more-link\">Continua llegint <span class=\"screen-reader-text\">\u00abMem\u00f2ria\u00bb<\/span><\/a><\/p>\n","protected":false},"author":483,"featured_media":0,"parent":0,"menu_order":0,"comment_status":"closed","ping_status":"closed","template":"","meta":{"footnotes":""},"class_list":["post-1250","page","type-page","status-publish","hentry"],"_links":{"self":[{"href":"https:\/\/blocs.xarxanet.org\/cbverneda\/wp-json\/wp\/v2\/pages\/1250","targetHints":{"allow":["GET"]}}],"collection":[{"href":"https:\/\/blocs.xarxanet.org\/cbverneda\/wp-json\/wp\/v2\/pages"}],"about":[{"href":"https:\/\/blocs.xarxanet.org\/cbverneda\/wp-json\/wp\/v2\/types\/page"}],"author":[{"embeddable":true,"href":"https:\/\/blocs.xarxanet.org\/cbverneda\/wp-json\/wp\/v2\/users\/483"}],"replies":[{"embeddable":true,"href":"https:\/\/blocs.xarxanet.org\/cbverneda\/wp-json\/wp\/v2\/comments?post=1250"}],"version-history":[{"count":1,"href":"https:\/\/blocs.xarxanet.org\/cbverneda\/wp-json\/wp\/v2\/pages\/1250\/revisions"}],"predecessor-version":[{"id":1252,"href":"https:\/\/blocs.xarxanet.org\/cbverneda\/wp-json\/wp\/v2\/pages\/1250\/revisions\/1252"}],"wp:attachment":[{"href":"https:\/\/blocs.xarxanet.org\/cbverneda\/wp-json\/wp\/v2\/media?parent=1250"}],"curies":[{"name":"wp","href":"https:\/\/api.w.org\/{rel}","templated":true}]}}