{"id":1233,"date":"2021-01-21T17:38:48","date_gmt":"2021-01-21T15:38:48","guid":{"rendered":"http:\/\/blocs.xarxanet.org\/cbverneda\/?page_id=1233"},"modified":"2021-01-21T17:39:15","modified_gmt":"2021-01-21T15:39:15","slug":"dansa-2","status":"publish","type":"page","link":"https:\/\/blocs.xarxanet.org\/cbverneda\/dansa-2\/","title":{"rendered":"Dansa"},"content":{"rendered":"<p style=\"text-align: center\"><em><strong>&#8220;Qualsevol problema del m\u00f3n es pot solucionar ballant&#8221;<\/strong> <\/em>&#8211; James Brown<\/p>\n<p>Ballar, sentir la m\u00fasica, expressar-se, relacionar-se, fer exercici.<\/p>\n<p>Per aquest i molts altres motius el ball \u00e9s una activitat important al Casal de Barri, organitzant-se nombroses activitats i tallers com s\u00f3n:<\/p>\n<ul>\n<li>Zumba<\/li>\n<li>Country<\/li>\n<li>Balls llatins<\/li>\n<li>Dansa del ventre<\/li>\n<\/ul>\n<p><img loading=\"lazy\" decoding=\"async\" class=\"size-medium wp-image-980 aligncenter\" src=\"http:\/\/blocs.xarxanet.org\/cbverneda\/files\/2020\/01\/B.Latinos02-225x300.jpg\" alt=\"\" width=\"225\" height=\"300\" srcset=\"https:\/\/blocs.xarxanet.org\/cbverneda\/files\/2020\/01\/B.Latinos02-225x300.jpg 225w, https:\/\/blocs.xarxanet.org\/cbverneda\/files\/2020\/01\/B.Latinos02-768x1022.jpg 768w, https:\/\/blocs.xarxanet.org\/cbverneda\/files\/2020\/01\/B.Latinos02-770x1024.jpg 770w, https:\/\/blocs.xarxanet.org\/cbverneda\/files\/2020\/01\/B.Latinos02.jpg 1761w\" sizes=\"auto, (max-width: 225px) 85vw, 225px\" \/><\/p>\n<p><img loading=\"lazy\" decoding=\"async\" class=\"size-medium wp-image-831 aligncenter\" src=\"http:\/\/blocs.xarxanet.org\/cbverneda\/files\/2015\/12\/Foto-13-6-17-18-22-23-1-300x225.jpg\" alt=\"\" width=\"300\" height=\"225\" srcset=\"https:\/\/blocs.xarxanet.org\/cbverneda\/files\/2015\/12\/Foto-13-6-17-18-22-23-1-300x225.jpg 300w, https:\/\/blocs.xarxanet.org\/cbverneda\/files\/2015\/12\/Foto-13-6-17-18-22-23-1-768x576.jpg 768w, https:\/\/blocs.xarxanet.org\/cbverneda\/files\/2015\/12\/Foto-13-6-17-18-22-23-1-1024x768.jpg 1024w\" sizes=\"auto, (max-width: 300px) 85vw, 300px\" \/><\/p>\n","protected":false},"excerpt":{"rendered":"<p>&#8220;Qualsevol problema del m\u00f3n es pot solucionar ballant&#8221; &#8211; James Brown Ballar, sentir la m\u00fasica, expressar-se, relacionar-se, fer exercici. Per aquest i molts altres motius el ball \u00e9s una activitat important al Casal de Barri, organitzant-se nombroses activitats i tallers com s\u00f3n: Zumba Country Balls llatins Dansa del ventre<\/p>\n","protected":false},"author":483,"featured_media":0,"parent":0,"menu_order":0,"comment_status":"closed","ping_status":"closed","template":"","meta":{"footnotes":""},"class_list":["post-1233","page","type-page","status-publish","hentry"],"_links":{"self":[{"href":"https:\/\/blocs.xarxanet.org\/cbverneda\/wp-json\/wp\/v2\/pages\/1233","targetHints":{"allow":["GET"]}}],"collection":[{"href":"https:\/\/blocs.xarxanet.org\/cbverneda\/wp-json\/wp\/v2\/pages"}],"about":[{"href":"https:\/\/blocs.xarxanet.org\/cbverneda\/wp-json\/wp\/v2\/types\/page"}],"author":[{"embeddable":true,"href":"https:\/\/blocs.xarxanet.org\/cbverneda\/wp-json\/wp\/v2\/users\/483"}],"replies":[{"embeddable":true,"href":"https:\/\/blocs.xarxanet.org\/cbverneda\/wp-json\/wp\/v2\/comments?post=1233"}],"version-history":[{"count":3,"href":"https:\/\/blocs.xarxanet.org\/cbverneda\/wp-json\/wp\/v2\/pages\/1233\/revisions"}],"predecessor-version":[{"id":1237,"href":"https:\/\/blocs.xarxanet.org\/cbverneda\/wp-json\/wp\/v2\/pages\/1233\/revisions\/1237"}],"wp:attachment":[{"href":"https:\/\/blocs.xarxanet.org\/cbverneda\/wp-json\/wp\/v2\/media?parent=1233"}],"curies":[{"name":"wp","href":"https:\/\/api.w.org\/{rel}","templated":true}]}}