{"id":1065,"date":"2014-10-20T19:17:33","date_gmt":"2014-10-20T17:17:33","guid":{"rendered":"http:\/\/cbverneda.entitatsbcn.net\/?page_id=353"},"modified":"2021-01-21T00:36:39","modified_gmt":"2021-01-20T22:36:39","slug":"ludoteca-la-verneda-2","status":"publish","type":"page","link":"https:\/\/blocs.xarxanet.org\/cbverneda\/altres-entitats-projectes-al-casal\/ludoteca-la-verneda-2\/","title":{"rendered":"Ludoteca la Verneda"},"content":{"rendered":"<p><span style=\"color: #000000\">Espai per a nens i nenes de 0 a 12 anys, on realitzaren\u00a0diferents\u00a0activitats per\u00a0desenvolupar\u00a0el seu coneixement tot aprenent.<\/span><\/p>\n<p><span style=\"color: #000000\">L&#8217;entrada de l&#8217;esplai es realitzar\u00e0 de 17 a 18 h i de 18 a 19.30 h programaci\u00f3 trimestral (no obligat\u00f2ria)<\/span><\/p>\n<p><span style=\"color: #000000\">Inscripcions obligat\u00f2ria amb quota trimestral<\/span><\/p>\n<p><span style=\"color: #000000\"><strong>Contacte e.mail:<\/strong> ludoteca.laverneda@gmail.com<\/span><\/p>\n<p><span style=\"color: #000000\"><strong>Tel\u00e8fon de contacte:<\/strong> 695.23.63.21<\/span><\/p>\n<p><strong><span style=\"color: #000000\">Horari d&#8217;atenci\u00f3 directe<\/span><\/strong><\/p>\n<p><span style=\"color: #000000\">Dilluns i dimecres de 17 a 19.30 h per els nens\/es de 4 a 7 anys<\/span><\/p>\n<p><span style=\"color: #000000\">Dimarts i dijous de 17 a 19.30 h per els nens\/es de 8 a 12 anys<\/span><\/p>\n<p><span style=\"color: #000000\">Divendres de 15.30 a 17 h per els petits infants de 0 a 3 anys<\/span><\/p>\n<p>&nbsp;<\/p>\n","protected":false},"excerpt":{"rendered":"<p>Espai per a nens i nenes de 0 a 12 anys, on realitzaren\u00a0diferents\u00a0activitats per\u00a0desenvolupar\u00a0el seu coneixement tot aprenent. L&#8217;entrada de l&#8217;esplai es realitzar\u00e0 de 17 a 18 h i de 18 a 19.30 h programaci\u00f3 trimestral (no obligat\u00f2ria) Inscripcions obligat\u00f2ria amb quota trimestral Contacte e.mail: ludoteca.laverneda@gmail.com Tel\u00e8fon de contacte: 695.23.63.21 Horari d&#8217;atenci\u00f3 directe Dilluns i &hellip; <a href=\"https:\/\/blocs.xarxanet.org\/cbverneda\/altres-entitats-projectes-al-casal\/ludoteca-la-verneda-2\/\" class=\"more-link\">Continua llegint <span class=\"screen-reader-text\">\u00abLudoteca la Verneda\u00bb<\/span><\/a><\/p>\n","protected":false},"author":483,"featured_media":0,"parent":410,"menu_order":10,"comment_status":"closed","ping_status":"closed","template":"","meta":{"footnotes":""},"class_list":["post-1065","page","type-page","status-publish","hentry"],"_links":{"self":[{"href":"https:\/\/blocs.xarxanet.org\/cbverneda\/wp-json\/wp\/v2\/pages\/1065","targetHints":{"allow":["GET"]}}],"collection":[{"href":"https:\/\/blocs.xarxanet.org\/cbverneda\/wp-json\/wp\/v2\/pages"}],"about":[{"href":"https:\/\/blocs.xarxanet.org\/cbverneda\/wp-json\/wp\/v2\/types\/page"}],"author":[{"embeddable":true,"href":"https:\/\/blocs.xarxanet.org\/cbverneda\/wp-json\/wp\/v2\/users\/483"}],"replies":[{"embeddable":true,"href":"https:\/\/blocs.xarxanet.org\/cbverneda\/wp-json\/wp\/v2\/comments?post=1065"}],"version-history":[{"count":1,"href":"https:\/\/blocs.xarxanet.org\/cbverneda\/wp-json\/wp\/v2\/pages\/1065\/revisions"}],"predecessor-version":[{"id":1196,"href":"https:\/\/blocs.xarxanet.org\/cbverneda\/wp-json\/wp\/v2\/pages\/1065\/revisions\/1196"}],"up":[{"embeddable":true,"href":"https:\/\/blocs.xarxanet.org\/cbverneda\/wp-json\/wp\/v2\/pages\/410"}],"wp:attachment":[{"href":"https:\/\/blocs.xarxanet.org\/cbverneda\/wp-json\/wp\/v2\/media?parent=1065"}],"curies":[{"name":"wp","href":"https:\/\/api.w.org\/{rel}","templated":true}]}}