{"id":43,"date":"2025-04-19T23:23:13","date_gmt":"2025-04-19T21:23:13","guid":{"rendered":"https:\/\/pcg13.wordpress.com\/?page_id=43"},"modified":"2025-07-14T08:33:08","modified_gmt":"2025-07-14T06:33:08","slug":"b-tipologia","status":"publish","type":"page","link":"https:\/\/blocs.xarxanet.org\/barraques-subirats\/b-tipologia\/","title":{"rendered":"B-Tipologia"},"content":{"rendered":"\r\n<h1 class=\"wp-block-heading has-large-font-size\">Tipologia de les barraques a Subirats<\/h1>\r\n\r\n\r\n\r\n<figure class=\"wp-block-table\">\r\n<table class=\"has-fixed-layout\" style=\"border-style: none;border-width: 0px\">\r\n<tbody>\r\n<tr>\r\n<td>S&#8217;ent\u00e9n per construccions de pedra seca aquelles en que l&#8217;\u00fanic material emprat es la pedra, sense utilitzaci\u00f3 de cap element d&#8217;uni\u00f3 o cohesi\u00f3 entre si, argila, morter, cal\u00e7, fang, ni ciment de cap mena. Les pedres s&#8217;encaixen entre si gr\u00e0cies a la seva forma, que no ha estat mecanitzada pr\u00e8viament i es col\u00b7loquen falcant\u00b7les amb d&#8217;altres de petites.Les parets de la construcci\u00f3 es fan mitjan\u00e7ant un parament interior i un altre exterior. L&#8217;espai restant entre els dos es reomple de pedruscall.La barraca tipus que trobem a Subirats t\u00e9 unes caracter\u00edstiques b\u00e0siques molt definides:<\/td>\r\n<\/tr>\r\n<\/tbody>\r\n<\/table>\r\n<\/figure>\r\n\r\n\r\n\r\n<figure class=\"wp-block-image aligncenter size-large\"><img fetchpriority=\"high\" decoding=\"async\" width=\"1604\" height=\"1584\" class=\"wp-image-106\" src=\"http:\/\/blocs.xarxanet.org\/barraques-subirats\/files\/2025\/04\/plantabis-1.jpg?w=1024\" alt=\"\" srcset=\"https:\/\/blocs.xarxanet.org\/barraques-subirats\/files\/2025\/04\/plantabis-1.jpg 1604w, https:\/\/blocs.xarxanet.org\/barraques-subirats\/files\/2025\/04\/plantabis-1-300x296.jpg 300w, https:\/\/blocs.xarxanet.org\/barraques-subirats\/files\/2025\/04\/plantabis-1-1024x1011.jpg 1024w, https:\/\/blocs.xarxanet.org\/barraques-subirats\/files\/2025\/04\/plantabis-1-768x758.jpg 768w, https:\/\/blocs.xarxanet.org\/barraques-subirats\/files\/2025\/04\/plantabis-1-1536x1517.jpg 1536w\" sizes=\"(max-width: 1604px) 100vw, 1604px\" \/><\/figure>\r\n\r\n\r\n\r\n<p>La planta es circular. T\u00e9 les parets lleugerament atalussades, amb forma troncoc\u00f2nica. Sempre es tracta d&#8217;una sola unitat. Algunes tenen al seu voltant\u00a0 recers, paravents o estan parcialment adossades sobre la paret d&#8217;un marge. Entre les parcialment o totalment adossades hi ha totes les possibilitats. Algunes presenten terrasses de pedra sobrera per un o m\u00e9s costats, que no son pr\u00f2piament contraforts, perqu\u00e8 no estan obrats, encara que la seva funci\u00f3 es similar.<\/p>\r\n\r\n\r\n\r\n<figure class=\"wp-block-image aligncenter size-large\"><img decoding=\"async\" width=\"2000\" height=\"1356\" class=\"wp-image-107\" src=\"http:\/\/blocs.xarxanet.org\/barraques-subirats\/files\/2025\/04\/alcat.jpg?w=1024\" alt=\"\" srcset=\"https:\/\/blocs.xarxanet.org\/barraques-subirats\/files\/2025\/04\/alcat.jpg 2000w, https:\/\/blocs.xarxanet.org\/barraques-subirats\/files\/2025\/04\/alcat-300x203.jpg 300w, https:\/\/blocs.xarxanet.org\/barraques-subirats\/files\/2025\/04\/alcat-1024x694.jpg 1024w, https:\/\/blocs.xarxanet.org\/barraques-subirats\/files\/2025\/04\/alcat-768x521.jpg 768w, https:\/\/blocs.xarxanet.org\/barraques-subirats\/files\/2025\/04\/alcat-1536x1041.jpg 1536w\" sizes=\"(max-width: 2000px) 100vw, 2000px\" \/><\/figure>\r\n\r\n\r\n\r\n<figure class=\"wp-block-table\">\r\n<table class=\"has-fixed-layout\" style=\"border-style: none;border-width: 0px\">\r\n<tbody>\r\n<tr>\r\n<td>El portal es \u00fanic, en forma rectangular. Alguns amb lleugera tend\u00e8ncia troncopiramidal. El portal s&#8217;orienta a migdia i originalment sense cap mena de porta. La llinda del portal es de llosa plana, sigui senzilla o doble. En el cas de la doble, la pe\u00e7a superior es m\u00e9s petita i fa la funci\u00f3 d&#8217;arc de desc\u00e0rrega del portal. La distancia vertical entre les dues unitats es variable i fins i tot, nul\u00b7la. L&#8217;espai pot estar buit, permetent la visi\u00f3 entre l&#8217;interior i l&#8217;exterior o reomplert de pedres.<br \/>Els muntants del portal contenen les pedres de major mida del conjunt. No s&#8217;observen m\u00e8nsules.<br \/><br \/>El sostre es c\u00f2nic, amb pendent molt m\u00e9s plana que el tronc. La transici\u00f3 de pendent del tronc a la coberta es fa bruscament, sense c\u00e8rcol a la espatlla.\u00a0 La superf\u00edcie superior est\u00e0 recoberta de pedruscall o b\u00e9 de terra on hi creixen herbes silvestres o s&#8217;hi planten lliris . Aquests lliris, amb les seves llargues arrels, compacten la terra, evitant que els agents atmosf\u00e8rics la esmicolin, i en definitiva, eviten l&#8217;entrada d&#8217;aigua a l&#8217;interior.<br \/><br \/>L&#8217;interior es d&#8217;una sola estan\u00e7a, plana, sovint lleugerament inclinada cap a l&#8217;exterior i lliure de tota estructura. L&#8217;espessor de la paret al nivell del portal es relativament gran. L&#8217;al\u00e7ada \u00fatil al centre es proporcional a la estatura humana.\u00a0 A les parets interiors hi ha cocons i\/o forn\u00edcules en distribuci\u00f3, mides, i quantitats variables. Hi pot haver petites finestres o obertures per ventilaci\u00f3 o guaita cap a l&#8217;exterior, sempre de petites dimensions, alguna de les quals presenta una petita llinda exterior.<br \/><br \/>La coberta es del tipus falsa c\u00fapula, per aproximaci\u00f3 de filades de lloses. El centre es una llosa gran. Quan son dues lloses, en alguns casos, una d&#8217;elles pot ser despla\u00e7able per afavorir la sortida de fum.<br \/><br \/>Aquestes son les caracter\u00edstiques t\u00edpiques; a les fitxes individuals es fan constar les excepcions a les normes.<br \/><br \/>Hi ha tres unitats (<strong>B08<\/strong>, <strong>B28<\/strong>, <strong>F10<\/strong>), constru\u00efdes amb la mateixa t\u00e8cnica que la resta, per\u00f2 amb la planta m\u00e9s redu\u00efda. Les anomenem aixoplugs.<br \/>\u00a0<br \/>La majoria de barraques tenen esllavissaments de major o menor entitat. Sempre ens referim al parament exterior. Si afecta tamb\u00e9 al parament interior, estem parlant de danys de gran import\u00e0ncia.<br \/><br \/>A les fitxes de l&#8217;inventari, no es fan constar els croquis de les plantes, perqu\u00e8 seria una continua repetici\u00f3 de plantes rodones, amb esc\u00e0s inter\u00e8s.<\/td>\r\n<\/tr>\r\n<\/tbody>\r\n<\/table>\r\n<\/figure>\r\n","protected":false},"excerpt":{"rendered":"<p>Tipologia de les barraques a Subirats S&#8217;ent\u00e9n per construccions de pedra seca aquelles en que l&#8217;\u00fanic material emprat es la pedra, sense utilitzaci\u00f3 de cap element d&#8217;uni\u00f3 o cohesi\u00f3 entre si, argila, morter, cal\u00e7, fang, ni ciment de cap mena. Les pedres s&#8217;encaixen entre si gr\u00e0cies a la seva forma, que no ha estat mecanitzada [&hellip;]<\/p>\n","protected":false},"author":500,"featured_media":107,"parent":0,"menu_order":1,"comment_status":"closed","ping_status":"closed","template":"wp-custom-template-ppp-1","meta":{"footnotes":""},"class_list":["post-43","page","type-page","status-publish","has-post-thumbnail","hentry"],"_links":{"self":[{"href":"https:\/\/blocs.xarxanet.org\/barraques-subirats\/wp-json\/wp\/v2\/pages\/43","targetHints":{"allow":["GET"]}}],"collection":[{"href":"https:\/\/blocs.xarxanet.org\/barraques-subirats\/wp-json\/wp\/v2\/pages"}],"about":[{"href":"https:\/\/blocs.xarxanet.org\/barraques-subirats\/wp-json\/wp\/v2\/types\/page"}],"author":[{"embeddable":true,"href":"https:\/\/blocs.xarxanet.org\/barraques-subirats\/wp-json\/wp\/v2\/users\/500"}],"replies":[{"embeddable":true,"href":"https:\/\/blocs.xarxanet.org\/barraques-subirats\/wp-json\/wp\/v2\/comments?post=43"}],"version-history":[{"count":2,"href":"https:\/\/blocs.xarxanet.org\/barraques-subirats\/wp-json\/wp\/v2\/pages\/43\/revisions"}],"predecessor-version":[{"id":2386,"href":"https:\/\/blocs.xarxanet.org\/barraques-subirats\/wp-json\/wp\/v2\/pages\/43\/revisions\/2386"}],"wp:featuredmedia":[{"embeddable":true,"href":"https:\/\/blocs.xarxanet.org\/barraques-subirats\/wp-json\/wp\/v2\/media\/107"}],"wp:attachment":[{"href":"https:\/\/blocs.xarxanet.org\/barraques-subirats\/wp-json\/wp\/v2\/media?parent=43"}],"curies":[{"name":"wp","href":"https:\/\/api.w.org\/{rel}","templated":true}]}}