{"id":31,"date":"2025-04-19T18:36:41","date_gmt":"2025-04-19T16:36:41","guid":{"rendered":"https:\/\/pcg13.wordpress.com\/?page_id=31"},"modified":"2025-10-20T09:51:18","modified_gmt":"2025-10-20T07:51:18","slug":"presentacio","status":"publish","type":"page","link":"https:\/\/blocs.xarxanet.org\/barraques-subirats\/","title":{"rendered":"B-Presentaci\u00f3"},"content":{"rendered":"\n<h1 class=\"wp-block-heading has-text-align-left has-large-font-size\">Presentaci\u00f3<\/h1>\n\n\n\n<p>Aquesta es la p\u00e0gina web oberta&nbsp;per l&#8217;Araceli Soler i el Jaume Rovira, d&#8217;Ordal, amb l&#8217;objectiu de donar divulgaci\u00f3 a les construccions de pedra seca, i especialment&nbsp;les barraques de vinya i els forns de cal\u00e7 del municipi de&nbsp;Subirats, a l&#8217;Alt Pened\u00e8s.<\/p>\n\n\n\n<p>Fem una descripci\u00f3 dels elements estructurals caracter\u00edstiques d&#8217;aquests dos tipus de construccions que es troben al municipi.<\/p>\n\n\n\n<p>Element essencial de la p\u00e0gina es la publicaci\u00f3 de les dades de l&#8217;Inventari de Barraques i de l&#8217;Inventari de Forns de Cal\u00e7 de Subirats.<\/p>\n\n\n\n<p>En un altre apartat, es mostren enlla\u00e7os a p\u00e0gines web relacionades amb el mon de la pedra seca.<\/p>\n\n\n\n<p>El mail de contacte, est\u00e0 a disposici\u00f3 de qualsevol visitant de la p\u00e0gina web.<\/p>\n\n\n\n<p>Les dades aqu\u00ed contingudes, son de lliure utilitzaci\u00f3. No ho s\u00f3n per activitats lucratives, i en tot cas, en demanem citar la proced\u00e8ncia.<\/p>\n\n\n\n<p>Les dades inicials es van publicar al web al Febrer del 2007 amb les fitxes de 159 barraques. <\/p>\n\n\n\n<p>Posteriorment, en Francesc Mallafr\u00e9 va facilitar el canvi del datum de les coordenades UTM de cada fitxa al sistema ETRS89.<\/p>\n\n\n\n<p>En Pere Castells va transformar l&#8217;estructura del web a WordPress, afegint fitxes de les barraques fins les 205 unitats i creant l&#8217;apartat dels Forns de Cal\u00e7 amb 37 cavitats, fins ara in\u00e8dit. <\/p>\n\n\n\n<p>Les dades d&#8217;aquesta versi\u00f3 03 queden actualitzades al setembre del 2025.<\/p>\n\n\n\n<figure class=\"wp-block-image aligncenter size-full\"><img fetchpriority=\"high\" decoding=\"async\" width=\"1136\" height=\"764\" src=\"http:\/\/blocs.xarxanet.org\/barraques-subirats\/files\/2025\/07\/Subirats_Limit.jpg\" alt=\"\" class=\"wp-image-3090\" srcset=\"https:\/\/blocs.xarxanet.org\/barraques-subirats\/files\/2025\/07\/Subirats_Limit.jpg 1136w, https:\/\/blocs.xarxanet.org\/barraques-subirats\/files\/2025\/07\/Subirats_Limit-300x202.jpg 300w, https:\/\/blocs.xarxanet.org\/barraques-subirats\/files\/2025\/07\/Subirats_Limit-1024x689.jpg 1024w, https:\/\/blocs.xarxanet.org\/barraques-subirats\/files\/2025\/07\/Subirats_Limit-768x517.jpg 768w\" sizes=\"(max-width: 1136px) 100vw, 1136px\" \/><figcaption class=\"wp-element-caption\">Mapa del municipi de Subirats, Alt Pened\u00e8s<\/figcaption><\/figure>\n","protected":false},"excerpt":{"rendered":"<p>Presentaci\u00f3 Aquesta es la p\u00e0gina web oberta&nbsp;per l&#8217;Araceli Soler i el Jaume Rovira, d&#8217;Ordal, amb l&#8217;objectiu de donar divulgaci\u00f3 a les construccions de pedra seca, i especialment&nbsp;les barraques de vinya i els forns de cal\u00e7 del municipi de&nbsp;Subirats, a l&#8217;Alt Pened\u00e8s. Fem una descripci\u00f3 dels elements estructurals caracter\u00edstiques d&#8217;aquests dos tipus de construccions que es [&hellip;]<\/p>\n","protected":false},"author":500,"featured_media":3090,"parent":0,"menu_order":0,"comment_status":"closed","ping_status":"closed","template":"wp-custom-template-ppp-1","meta":{"footnotes":""},"class_list":["post-31","page","type-page","status-publish","has-post-thumbnail","hentry"],"_links":{"self":[{"href":"https:\/\/blocs.xarxanet.org\/barraques-subirats\/wp-json\/wp\/v2\/pages\/31","targetHints":{"allow":["GET"]}}],"collection":[{"href":"https:\/\/blocs.xarxanet.org\/barraques-subirats\/wp-json\/wp\/v2\/pages"}],"about":[{"href":"https:\/\/blocs.xarxanet.org\/barraques-subirats\/wp-json\/wp\/v2\/types\/page"}],"author":[{"embeddable":true,"href":"https:\/\/blocs.xarxanet.org\/barraques-subirats\/wp-json\/wp\/v2\/users\/500"}],"replies":[{"embeddable":true,"href":"https:\/\/blocs.xarxanet.org\/barraques-subirats\/wp-json\/wp\/v2\/comments?post=31"}],"version-history":[{"count":20,"href":"https:\/\/blocs.xarxanet.org\/barraques-subirats\/wp-json\/wp\/v2\/pages\/31\/revisions"}],"predecessor-version":[{"id":3719,"href":"https:\/\/blocs.xarxanet.org\/barraques-subirats\/wp-json\/wp\/v2\/pages\/31\/revisions\/3719"}],"wp:featuredmedia":[{"embeddable":true,"href":"https:\/\/blocs.xarxanet.org\/barraques-subirats\/wp-json\/wp\/v2\/media\/3090"}],"wp:attachment":[{"href":"https:\/\/blocs.xarxanet.org\/barraques-subirats\/wp-json\/wp\/v2\/media?parent=31"}],"curies":[{"name":"wp","href":"https:\/\/api.w.org\/{rel}","templated":true}]}}