{"id":5526,"date":"2020-05-16T17:38:30","date_gmt":"2020-05-16T15:38:30","guid":{"rendered":"http:\/\/www.afibrocat.com\/?page_id=5526"},"modified":"2020-05-16T17:38:30","modified_gmt":"2020-05-16T15:38:30","slug":"aviso-legal-2","status":"publish","type":"page","link":"https:\/\/blocs.xarxanet.org\/afibrocat\/aviso-legal-2\/","title":{"rendered":"AV\u00cdS LEGAL"},"content":{"rendered":"<h3>AV\u00cdS LEGAL<br \/>\nEn compliment amb el deure d&#8217;informaci\u00f3 recollit en article 10 de la Llei 34\/2002, de 11 de juliol, dels Serveis de la Societat de la Informaci\u00f3 i de Comer\u00e7 Electr\u00f2nic (LSSICE), el propietari de la web, li informa del seg\u00fcent :<\/h3>\n<p>Denominaci\u00f3 social: Associaci\u00f3 AFIBROCAT Associaci\u00f3 D&#8217;ajuda Per La Fibromi\u00e0lgia De Catalunya 2004<br \/>\nNIF: G63366983<br \/>\nDomicili: Carrer de Tossa.13, Local 2, 08032 &#8211; Barcelona (Barcelona)<br \/>\nAmb els l\u00edmits establerts a la llei, Associaci\u00f3 AFIBROCAT Associaci\u00f3 D&#8217;ajuda Per La Fibromi\u00e0lgia De Catalunya 2004 no assumeix cap responsabilitat derivada de la falta de veracitat, integritat, actualitzaci\u00f3 i precisi\u00f3 de les dades o informacions que contenen les seves p\u00e0gines web.<\/p>\n<p>Els continguts i informaci\u00f3 no vinculen a Associaci\u00f3 AFIBROCAT Associaci\u00f3 D&#8217;ajuda Per La Fibromi\u00e0lgia De Catalunya 2004 ni constitueixen opinions, consells o assessorament legal de cap tipus ja que es tracta merament d&#8217;un servei ofert amb car\u00e0cter informatiu i divulgatiu.<\/p>\n<p>Les p\u00e0gines d&#8217;Internet de Associaci\u00f3 AFIBROCAT Associaci\u00f3 D&#8217;ajuda Per La Fibromi\u00e0lgia De Catalunya 2004 poden contenir enlla\u00e7os (links) a altres p\u00e0gines de terceres parts que Associaci\u00f3 AFIBROCAT Associaci\u00f3 D&#8217;ajuda Per La Fibromi\u00e0lgia De Catalunya 2004 no pot controlar. Per tant, Associaci\u00f3 AFIBROCAT Associaci\u00f3 D&#8217;ajuda Per La Fibromi\u00e0lgia De Catalunya 2004 no pot assumir responsabilitats pel contingut que pugui apar\u00e8ixer en p\u00e0gines de tercers.<\/p>\n<p>Els textos, imatges, sons, animacions, programari i la resta de continguts inclosos en aquest website s\u00f3n propietat exclusiva de Associaci\u00f3 AFIBROCAT Associaci\u00f3 D&#8217;ajuda Per La Fibromi\u00e0lgia De Catalunya 2004 o els seus llicenciants. Qualsevol acte de transmissi\u00f3, distribuci\u00f3, cessi\u00f3, reproducci\u00f3, emmagatzematge o comunicaci\u00f3 p\u00fablica total o parcial, ha de comptar amb el consentiment expr\u00e9s de Associaci\u00f3 AFIBROCAT Associaci\u00f3 d&#8217;ajuda perla Fibromi\u00e0lgia de Catalunya 2004.<\/p>\n<p>Aix\u00ed mateix, per accedir a alguns dels serveis que Associaci\u00f3 AFIBROCAT Associaci\u00f3 D&#8217;ajuda Per La Fibromi\u00e0lgia De Catalunya 2004 ofereix a trav\u00e9s de la p\u00e0gina web, haur\u00e0 de proporcionar algunes dades de car\u00e0cter personal. En compliment del que estableix el Reglament (UE) 2016\/679 de el Parlament Europeu i de Consell, de 27 d&#8217;abril de 2016, relatiu a la protecci\u00f3 de les persones f\u00edsiques pel que fa a el tractament de dades personals ia la lliure circulaci\u00f3 de aquestes dades li informem que, mitjan\u00e7ant la complementaci\u00f3 dels presents formularis, les seves dades personals quedaran incorporades i seran tractades als fitxers de Associaci\u00f3 AFIBROCAT Associaci\u00f3 d&#8217;ajuda per la Fibromi\u00e0lgia de Catalunya 2004 amb la finalitat de prestar-li i oferir els nostres serveis aix\u00ed com per informar de les millores de la p\u00e0gina web.<br \/>\nL&#8217;informem tamb\u00e9 que t\u00e9 la possibilitat en tot moment d&#8217;exercir els drets d&#8217;acc\u00e9s, rectificaci\u00f3, cancel\u00b7laci\u00f3, oposici\u00f3, limitaci\u00f3 i portabilitat de les seves dades de car\u00e0cter personal, de manera gratu\u00efta mitjan\u00e7ant correu electr\u00f2nic a: afibrocat@hotmail.com oa l&#8217;adre\u00e7a : Carrer de Tossa.13, Local 2, 08032 &#8211; Barcelona (Barcelona).<\/p>\n","protected":false},"excerpt":{"rendered":"<p>AV\u00cdS LEGAL En compliment amb el deure d&#8217;informaci\u00f3 recollit en article 10 de la Llei 34\/2002, de 11 de juliol, dels Serveis de la Societat de la Informaci\u00f3 i de Comer\u00e7 Electr\u00f2nic (LSSICE), el propietari de la web, li informa del seg\u00fcent : Denominaci\u00f3 social: Associaci\u00f3 AFIBROCAT Associaci\u00f3 D&#8217;ajuda Per La Fibromi\u00e0lgia De Catalunya 2004 &hellip; <\/p>\n<p class=\"link-more\"><a href=\"https:\/\/blocs.xarxanet.org\/afibrocat\/aviso-legal-2\/\" class=\"more-link\">Continua llegint <span class=\"screen-reader-text\">\u00abAV\u00cdS LEGAL\u00bb<\/span><\/a><\/p>\n","protected":false},"author":479,"featured_media":0,"parent":0,"menu_order":0,"comment_status":"closed","ping_status":"closed","template":"","meta":{"footnotes":""},"class_list":["post-5526","page","type-page","status-publish","hentry"],"_links":{"self":[{"href":"https:\/\/blocs.xarxanet.org\/afibrocat\/wp-json\/wp\/v2\/pages\/5526","targetHints":{"allow":["GET"]}}],"collection":[{"href":"https:\/\/blocs.xarxanet.org\/afibrocat\/wp-json\/wp\/v2\/pages"}],"about":[{"href":"https:\/\/blocs.xarxanet.org\/afibrocat\/wp-json\/wp\/v2\/types\/page"}],"author":[{"embeddable":true,"href":"https:\/\/blocs.xarxanet.org\/afibrocat\/wp-json\/wp\/v2\/users\/479"}],"replies":[{"embeddable":true,"href":"https:\/\/blocs.xarxanet.org\/afibrocat\/wp-json\/wp\/v2\/comments?post=5526"}],"version-history":[{"count":0,"href":"https:\/\/blocs.xarxanet.org\/afibrocat\/wp-json\/wp\/v2\/pages\/5526\/revisions"}],"wp:attachment":[{"href":"https:\/\/blocs.xarxanet.org\/afibrocat\/wp-json\/wp\/v2\/media?parent=5526"}],"curies":[{"name":"wp","href":"https:\/\/api.w.org\/{rel}","templated":true}]}}