{"id":4567,"date":"2016-11-27T23:17:42","date_gmt":"2016-11-27T22:17:42","guid":{"rendered":"http:\/\/www.afibrocat.com\/?page_id=4567"},"modified":"2021-01-16T04:07:16","modified_gmt":"2021-01-16T02:07:16","slug":"transparencia","status":"publish","type":"page","link":"https:\/\/blocs.xarxanet.org\/afibrocat\/transparencia\/","title":{"rendered":"TRANSPAR\u00c8NCIA"},"content":{"rendered":"<p><span style=\"color: #3366ff\"><strong>DOCUMENTS<\/strong><\/span><\/p>\n<ul>\n<li><a href=\"http:\/\/blocs.xarxanet.org\/afibrocat\/files\/2020\/05\/ESTATUTS-29.4.11.pdf\">ESTATUTS\u00a0<\/a><\/li>\n<li><a href=\"http:\/\/blocs.xarxanet.org\/afibrocat\/files\/2020\/05\/REGLAMENT-DE-R\u00c8GIM-INTERN.pdf\">REGLAMENT DE R\u00c8GIM INTERN<\/a><\/li>\n<li><a href=\"http:\/\/blocs.xarxanet.org\/afibrocat\/files\/2018\/03\/AFIBROCAT-triptico-2016.pdf\">Tr\u00edptic AFIBROCAT<\/a><\/li>\n<li><a href=\"http:\/\/blocs.xarxanet.org\/afibrocat\/files\/2018\/03\/Tr\u00edptic_nou_SSC_xarxes.pdf\">Tr\u00edptic S\u00edndromes\u00a0de sensibilitzaci\u00f3\u00a0central<\/a><\/li>\n<\/ul>\n<p><span style=\"color: #3366ff\"><strong>MEM\u00d2RIES<\/strong><\/span><\/p>\n<p><a href=\"http:\/\/blocs.xarxanet.org\/afibrocat\/files\/2020\/04\/Memoria_2019-mini.pdf\">Memoria_2019-mini<\/a><\/p>\n<p><a href=\"http:\/\/blocs.xarxanet.org\/afibrocat\/files\/2020\/01\/Memoria_2018.pdf\">Memoria_2018<\/a><\/p>\n<p><a href=\"http:\/\/blocs.xarxanet.org\/afibrocat\/files\/2018\/03\/Memoria-2017-ok.pdf\">Memoria 2017<\/a><\/p>\n<p><a href=\"http:\/\/blocs.xarxanet.org\/afibrocat\/files\/2017\/04\/Memoria-2016-ok.pdf\">Memoria 2016<\/a><\/p>\n<p><a href=\"http:\/\/blocs.xarxanet.org\/afibrocat\/files\/2021\/01\/2015.Memoria.pdf\">Memoria 2015<\/a><\/p>\n<p><a href=\"http:\/\/blocs.xarxanet.org\/afibrocat\/files\/2016\/11\/MEMORIA-2014.pdf\">Memoria 2014<\/a><\/p>\n<p><a href=\"http:\/\/blocs.xarxanet.org\/afibrocat\/files\/2020\/05\/2013.Memoria.pdf\">Memoria\u00a0 2013<\/a><\/p>\n<p><a href=\"http:\/\/blocs.xarxanet.org\/afibrocat\/files\/2020\/05\/2012.Memoria.pdf\">Memoria 2012<\/a><\/p>\n<p><a href=\"http:\/\/blocs.xarxanet.org\/afibrocat\/files\/2020\/05\/2011.Memoria.pdf\">Memoria 2011<\/a><\/p>\n<p><a href=\"http:\/\/blocs.xarxanet.org\/afibrocat\/files\/2020\/05\/2010.Memoria.pdf\">Memoria 2010<\/a><\/p>\n<p><span style=\"color: #3366ff\"><strong>COMPTABILITAT<\/strong><\/span><\/p>\n<p><a href=\"http:\/\/blocs.xarxanet.org\/afibrocat\/files\/2020\/05\/Comptes-Anuals2019.pdf\">Comptes Anuals2019<\/a><\/p>\n<p><a href=\"http:\/\/blocs.xarxanet.org\/afibrocat\/files\/2020\/05\/ComptesAnuals2018.pdf\">ComptesAnuals2018<\/a><\/p>\n<p><a href=\"http:\/\/blocs.xarxanet.org\/afibrocat\/files\/2018\/03\/ComptesAnuals2017.pdf\">ComptesAnuals2017<\/a><\/p>\n<p><a href=\"http:\/\/blocs.xarxanet.org\/afibrocat\/files\/2018\/01\/Balan\u00e72016.pdf\">Comptes Anuals 2016<\/a><\/p>\n<p><a href=\"http:\/\/blocs.xarxanet.org\/afibrocat\/files\/2016\/11\/Balan\u00e7os_any_2015-transparencia.pdf\">Comptes Anuals 2015<\/a><\/p>\n<p><span style=\"color: #3366ff\"><strong>BALAN\u00c7 SOCIAL XARXA D&#8217;ECONONOMIA SOCIAL (XES)<\/strong><\/span><\/p>\n<ul>\n<li><a href=\"http:\/\/blocs.xarxanet.org\/afibrocat\/files\/2020\/05\/2018.Balan\u00e7-Social.XES_-1-2.pdf\">2018.Balan\u00e7 Social Xarxa d&#8217;Economia Social<\/a><\/li>\n<li><a href=\"http:\/\/blocs.xarxanet.org\/afibrocat\/files\/2020\/05\/2017.Balan\u00e7-Social.XES_-1-2.pdf\">2017.Balan\u00e7 Social\u00a0<\/a><a href=\"http:\/\/blocs.xarxanet.org\/afibrocat\/files\/2020\/05\/2018.Balan\u00e7-Social.XES_-1-2.pdf\">Xarxa d&#8217;Economia Social<\/a><\/li>\n<\/ul>\n<p><span style=\"color: #3366ff\"><strong>MANIFEST DIA MUNDIAL DE LA FIBROMIALGIA Y SINDROME DE FATIGA CR\u00d2NICA<\/strong><\/span><\/p>\n<p><a href=\"http:\/\/blocs.xarxanet.org\/afibrocat\/files\/2020\/05\/2020.manifest-12-de-maig.pdf\">Manifest 2020<\/a><\/p>\n<p><a href=\"http:\/\/blocs.xarxanet.org\/afibrocat\/files\/2020\/05\/2019.Manifest-12-de-maig-Montserrat-Mas..pdf\">Manifest 2019<\/a><\/p>\n<p><a href=\"http:\/\/blocs.xarxanet.org\/afibrocat\/files\/2020\/05\/2018.manifest-12-de-maig.pdf\">Manifest 2018<\/a><\/p>\n<p><a href=\"http:\/\/blocs.xarxanet.org\/afibrocat\/files\/2020\/05\/2017.manifest-12-de-maig-1.pdf\">Manifest 2017<\/a><\/p>\n<p><a href=\"http:\/\/blocs.xarxanet.org\/afibrocat\/files\/2020\/05\/2016.manifest-12-de-maig.pdf\">Manifest 2016<\/a><\/p>\n<p><a href=\"http:\/\/blocs.xarxanet.org\/afibrocat\/files\/2020\/05\/2015.manifest-12-de-maig.pdf\">Manifest 2015<\/a><\/p>\n<p><a href=\"http:\/\/blocs.xarxanet.org\/afibrocat\/files\/2020\/05\/2014.manifest-12-de-maig.pdf\">Manifest 2014<\/a><\/p>\n<p><a href=\"http:\/\/blocs.xarxanet.org\/afibrocat\/files\/2020\/05\/2013.manifest-12-de-maig.pdf\">Manifest 2013<\/a><\/p>\n<p><a href=\"http:\/\/blocs.xarxanet.org\/afibrocat\/files\/2021\/01\/2012.manifest-12-de-maig.pdf\">Manifest 2012<\/a><\/p>\n<p><a href=\"http:\/\/blocs.xarxanet.org\/afibrocat\/files\/2018\/04\/Manifest-2011-CAT.pdf\">Manifest 2011<\/a><\/p>\n<p><a href=\"http:\/\/blocs.xarxanet.org\/afibrocat\/files\/2010\/05\/manifest__12227.pdf\">Manifest 2010<\/a><\/p>\n","protected":false},"excerpt":{"rendered":"<p>DOCUMENTS ESTATUTS\u00a0 REGLAMENT DE R\u00c8GIM INTERN Tr\u00edptic AFIBROCAT Tr\u00edptic S\u00edndromes\u00a0de sensibilitzaci\u00f3\u00a0central MEM\u00d2RIES Memoria_2019-mini Memoria_2018 Memoria 2017 Memoria 2016 Memoria 2015 Memoria 2014 Memoria\u00a0 2013 Memoria 2012 Memoria 2011 Memoria 2010 COMPTABILITAT Comptes Anuals2019 ComptesAnuals2018 ComptesAnuals2017 Comptes Anuals 2016 Comptes Anuals 2015 BALAN\u00c7 SOCIAL XARXA D&#8217;ECONONOMIA SOCIAL (XES) 2018.Balan\u00e7 Social Xarxa d&#8217;Economia Social 2017.Balan\u00e7 Social\u00a0Xarxa d&#8217;Economia &hellip; <\/p>\n<p class=\"link-more\"><a href=\"https:\/\/blocs.xarxanet.org\/afibrocat\/transparencia\/\" class=\"more-link\">Continua llegint <span class=\"screen-reader-text\">\u00abTRANSPAR\u00c8NCIA\u00bb<\/span><\/a><\/p>\n","protected":false},"author":479,"featured_media":0,"parent":0,"menu_order":0,"comment_status":"closed","ping_status":"closed","template":"","meta":{"footnotes":""},"class_list":["post-4567","page","type-page","status-publish","hentry"],"_links":{"self":[{"href":"https:\/\/blocs.xarxanet.org\/afibrocat\/wp-json\/wp\/v2\/pages\/4567","targetHints":{"allow":["GET"]}}],"collection":[{"href":"https:\/\/blocs.xarxanet.org\/afibrocat\/wp-json\/wp\/v2\/pages"}],"about":[{"href":"https:\/\/blocs.xarxanet.org\/afibrocat\/wp-json\/wp\/v2\/types\/page"}],"author":[{"embeddable":true,"href":"https:\/\/blocs.xarxanet.org\/afibrocat\/wp-json\/wp\/v2\/users\/479"}],"replies":[{"embeddable":true,"href":"https:\/\/blocs.xarxanet.org\/afibrocat\/wp-json\/wp\/v2\/comments?post=4567"}],"version-history":[{"count":7,"href":"https:\/\/blocs.xarxanet.org\/afibrocat\/wp-json\/wp\/v2\/pages\/4567\/revisions"}],"predecessor-version":[{"id":5797,"href":"https:\/\/blocs.xarxanet.org\/afibrocat\/wp-json\/wp\/v2\/pages\/4567\/revisions\/5797"}],"wp:attachment":[{"href":"https:\/\/blocs.xarxanet.org\/afibrocat\/wp-json\/wp\/v2\/media?parent=4567"}],"curies":[{"name":"wp","href":"https:\/\/api.w.org\/{rel}","templated":true}]}}