{"id":1348,"date":"2019-04-09T21:15:55","date_gmt":"2019-04-09T20:15:55","guid":{"rendered":"http:\/\/blocs.xarxanet.org\/afaebmlafarinera\/?page_id=1348"},"modified":"2023-09-20T21:58:15","modified_gmt":"2023-09-20T20:58:15","slug":"bressol-destiu","status":"publish","type":"page","link":"https:\/\/blocs.xarxanet.org\/afaebmlafarinera\/bressol-destiu\/","title":{"rendered":"Bressol d&#8217;Estiu"},"content":{"rendered":"<h4><span style=\"color: #ff0000\"><em>DOCUMENTACI\u00d3 BRESSOL ESTIU 2019<\/em><\/span><\/h4>\n<p><a href=\"https:\/\/drive.google.com\/open?id=0B3knwGtGTx8cQnJVSjBvS2ZlclJhWDYtVTQ3dXVYNTVfYWtr\">Desayunos y meriendas<\/a><\/p>\n<blockquote class=\"embedly-card\" data-card-controls=\"0\" data-card-align=\"left\" data-card-theme=\"light\" data-card-key=\"c9e9bb2460d545fda0456171c0fdf7e4\">\n<h4><a href=\"https:\/\/drive.google.com\/open?id=0B3knwGtGTx8cQnJVSjBvS2ZlclJhWDYtVTQ3dXVYNTVfYWtr\">Google Drive: Sign-in<\/a><\/h4>\n<p>Access Google Drive with a Google account (for personal use) or Google Workspace account (for business use).<\/p>\n<\/blockquote>\n<p><script async src=\"\/\/cdn.embedly.com\/widgets\/platform.js\" charset=\"UTF-8\"><\/script><\/p>\n<p><a href=\"https:\/\/drive.google.com\/open?id=0B3knwGtGTx8cQnQ0Znhub0g5a1NJQUhYMjlYUnJyNEo1dml3\">Programaci\u00f3<\/a><\/p>\n<blockquote class=\"embedly-card\" data-card-controls=\"0\" data-card-align=\"left\" data-card-theme=\"light\" data-card-key=\"c9e9bb2460d545fda0456171c0fdf7e4\">\n<h4><a href=\"https:\/\/drive.google.com\/open?id=0B3knwGtGTx8cQnQ0Znhub0g5a1NJQUhYMjlYUnJyNEo1dml3\">Google Drive: Sign-in<\/a><\/h4>\n<p>Access Google Drive with a Google account (for personal use) or Google Workspace account (for business use).<\/p>\n<\/blockquote>\n<p><script async src=\"\/\/cdn.embedly.com\/widgets\/platform.js\" charset=\"UTF-8\"><\/script><\/p>\n<p><a href=\"https:\/\/drive.google.com\/open?id=0B3knwGtGTx8cd3FlVjM3dzNCVy0yak1HcFItNUljaFEwb0RB\">Men\u00fa<\/a><\/p>\n<blockquote class=\"embedly-card\" data-card-controls=\"0\" data-card-align=\"left\" data-card-theme=\"light\" data-card-key=\"c9e9bb2460d545fda0456171c0fdf7e4\">\n<h4><a href=\"https:\/\/drive.google.com\/open?id=0B3knwGtGTx8cd3FlVjM3dzNCVy0yak1HcFItNUljaFEwb0RB\">Google Drive: Sign-in<\/a><\/h4>\n<p>Access Google Drive with a Google account (for personal use) or Google Workspace account (for business use).<\/p>\n<\/blockquote>\n<p><script async src=\"\/\/cdn.embedly.com\/widgets\/platform.js\" charset=\"UTF-8\"><\/script><\/p>\n<p>Per tal de gaudir de totes les activitats proposades, els i les infants hauran de dur al Bressol d\u2019Estiu:<br \/>\n&#8211; Bosseta d\u2019\u00fas diari per la roba bruta<br \/>\n&#8211; Got d\u2019aigua<br \/>\n&#8211; Bolquers<br \/>\n&#8211; Tovallola petita de mans<br \/>\n&#8211; Tovallola pel canviador<br \/>\n&#8211; Recanvi complet de roba<br \/>\n&#8211; Tovalloletes humides<br \/>\n&#8211; Crema hidratant per al canvi de bolquer (si \u00e9s necessari)<br \/>\n&#8211; Llen\u00e7ol de sota i de sobre<br \/>\n&#8211; 2 pitets diaris<br \/>\n&#8211; Crema solar<br \/>\n&#8211; Gorra<br \/>\nPels jocs d\u2019aigua:<br \/>\n&#8211; Tovallola gran<br \/>\n&#8211; Banyador<br \/>\n&#8211; Xancletes<br \/>\n*Tota la roba ha d\u2019estar marcada amb el nom de l\u2019infant<\/p>\n<h3>DESCRIPCI\u00d3 SERVEIS BRESSOL D&#8217;ESTIU<\/h3>\n<p><a href=\"http:\/\/blocs.xarxanet.org\/afaebmlafarinera\/files\/2017\/02\/Toddler-Summer-Camp.jpg\"><img loading=\"lazy\" decoding=\"async\" class=\"size-medium wp-image-1210 alignnone\" src=\"http:\/\/blocs.xarxanet.org\/afaebmlafarinera\/files\/2017\/02\/Toddler-Summer-Camp-300x222.jpg\" alt=\"\" width=\"300\" height=\"222\" srcset=\"https:\/\/blocs.xarxanet.org\/afaebmlafarinera\/files\/2017\/02\/Toddler-Summer-Camp-300x222.jpg 300w, https:\/\/blocs.xarxanet.org\/afaebmlafarinera\/files\/2017\/02\/Toddler-Summer-Camp.jpg 675w\" sizes=\"auto, (max-width: 300px) 85vw, 300px\" \/><\/a><\/p>\n<p>Els serveis de Bressol d&#8217;Estiu de l&#8217;AFA pel 2019 s\u00f3n:<br \/>\n<strong><em><span style=\"font-size: 20px\">A) Allargament de jornada (amb berenar incl\u00f2s): servei de 15:00 a 17:00 del 1 al 15 de juliol de 2019<\/span><\/em><\/strong><br \/>\n<img loading=\"lazy\" decoding=\"async\" class=\"size-full wp-image-1350 aligncenter\" src=\"http:\/\/blocs.xarxanet.org\/afaebmlafarinera\/files\/2019\/04\/allargament-preus-2019.jpg\" alt=\"\" width=\"742\" height=\"164\" srcset=\"https:\/\/blocs.xarxanet.org\/afaebmlafarinera\/files\/2019\/04\/allargament-preus-2019.jpg 742w, https:\/\/blocs.xarxanet.org\/afaebmlafarinera\/files\/2019\/04\/allargament-preus-2019-300x66.jpg 300w\" sizes=\"auto, (max-width: 742px) 85vw, 742px\" \/><\/p>\n<p><strong><em><span style=\"font-size: 20px\">B) Bressol d&#8217;Estiu: servei de 08:00 a 17:00 del 16 al 31 de juliol de 2019<\/span><\/em><\/strong><\/p>\n<p><img loading=\"lazy\" decoding=\"async\" class=\"size-full wp-image-1351 aligncenter\" src=\"http:\/\/blocs.xarxanet.org\/afaebmlafarinera\/files\/2019\/04\/Bressol-preus-2019.jpg\" alt=\"\" width=\"741\" height=\"243\" srcset=\"https:\/\/blocs.xarxanet.org\/afaebmlafarinera\/files\/2019\/04\/Bressol-preus-2019.jpg 741w, https:\/\/blocs.xarxanet.org\/afaebmlafarinera\/files\/2019\/04\/Bressol-preus-2019-300x98.jpg 300w\" sizes=\"auto, (max-width: 741px) 85vw, 741px\" \/><\/p>\n<p><span style=\"font-size: 20px\">Les inscripcions poden ser:<\/span><br \/>\n<span style=\"font-size: 20px\">&#8211; per setmanes (del 16 al 19 de juliol o del 22 al 26 de juliol),<\/span><br \/>\n<span style=\"font-size: 20px\">&#8211; dues setmanes (del 16 al 26 de juliol),<\/span><br \/>\n<span style=\"font-size: 20px\">&#8211; torn sencer (del 16 al 31 de juliol).<\/span><\/p>\n<p><strong><em>Serveis espor\u00e0dics durant el Bressol d&#8217;Estiu:<\/em><\/strong><\/p>\n<p><img loading=\"lazy\" decoding=\"async\" class=\"aligncenter size-full wp-image-1384\" src=\"http:\/\/blocs.xarxanet.org\/afaebmlafarinera\/files\/2019\/04\/serveis-esporadics-v2-2019.jpg\" alt=\"\" width=\"284\" height=\"130\" \/><\/p>\n<h4><span style=\"color: #ff0000\">DOCUMENTACI\u00d3 INSCRIPCI\u00d3<\/span><\/h4>\n<p>Caldr\u00e0 aportar la seg\u00fcent documentaci\u00f3 complimentada (no s\u2019agafaran inscripcions a les quals els manqui<br \/>\nqualsevol document, firma, etc.)<br \/>\n\u2022 Fotoc\u00f2pia del DNI de mare, pare o tutor legal<br \/>\n\u2022 Fotoc\u00f2pia del DNI infant o llibre de fam\u00edlia (la p\u00e0gina de l&#8217;infant i la dels progenitors)<br \/>\n\u2022 Fotoc\u00f2pia de la targeta sanit\u00e0ria (CatSalut) de l\u2019infant<br \/>\n\u2022 Fotoc\u00f2pia del carnet de vacunacions de l\u2019infant<br \/>\n\u2022 Fotografia mida carnet de l\u2019infant (Opcional)<br \/>\n\u2022 Comprovant bancari del pagament amb el concepte especificat ( fins al 7 de juny)<br \/>\n\u2022 Documentaci\u00f3 d\u2019inscripci\u00f3 complimentada i signada (la podeu recollir, amb antelaci\u00f3, a<br \/>\nl\u2019Escola Bressol):<br \/>\n&#8211; <a href=\"https:\/\/drive.google.com\/file\/d\/1rPgqVQgmbe3fdgDsX4UPEeRV7JkYdQWI\" target=\"_blank\" rel=\"noopener\">Fitxa inscripci\u00f3<\/a><br \/>\n&#8211; <a href=\"https:\/\/drive.google.com\/open?id=18TgfpaWJq0fEAgRfjuDR6j9keZh8X6BA\" target=\"_blank\" rel=\"noopener\">Autoritzaci\u00f3 drets d&#8217;imatge<\/a><br \/>\n&#8211; <a href=\"https:\/\/drive.google.com\/open?id=1Edis4FVqj1T0FzVeY1CDervZa2tjFdMT\" target=\"_blank\" rel=\"noopener\">Autoritzaci\u00f3 antit\u00e8rmic<\/a><br \/>\n&#8211; <a href=\"https:\/\/drive.google.com\/drive\/u\/2\/folders\/1cYc_eiMBXvgtvwjzdkkmC6TmN0EWaCF0\" target=\"_blank\" rel=\"noopener\">Autoritzaci\u00f3 medicaments<\/a> (Si s\u2019escau)<br \/>\n&#8211; <a href=\"https:\/\/drive.google.com\/open?id=1TNs9w3D0ZAMVvLrJP-b2hOYYbTxCG3mL\" target=\"_blank\" rel=\"noopener\">Autoritzaci\u00f3 recollida<\/a> (Si s\u2019escau)<\/p>\n<p><a href=\"https:\/\/drive.google.com\/open?id=15jxUzFTcEyWEhtZ1gUj2t9DQg51Rypk8\" target=\"_blank\" rel=\"noopener\">Dossier Informaci\u00f3 fam\u00edlies<\/a><\/p>\n<h4><span style=\"color: #ff0000\">BEQUES<\/span><\/h4>\n<p>El link amb tota la informaci\u00f3 sobre els ajuts econ\u00f2mics \u00e9s dins del document &#8220;<a href=\"https:\/\/drive.google.com\/open?id=15jxUzFTcEyWEhtZ1gUj2t9DQg51Rypk8\" target=\"_blank\" rel=\"noopener\">DOSSIER D&#8217;INFORMACI\u00d3 PER A LES FAM\u00cdLIES<\/a>&#8220;. No obstant es pot consultar tamb\u00e9 al lloc web de l&#8217;Ajuntament:\u00a0<a href=\"https:\/\/vacances.barcelona.cat\/ca\" target=\"_blank\" rel=\"noopener\">https:\/\/vacances.barcelona.cat\/ca<\/a><\/p>\n<p>&nbsp;<\/p>\n<p style=\"font-size: 20px\">Si teniu qualsevol dubte poseu-vos en contacte amb l&#8217;AFA a l&#8217;adre\u00e7a <a href=\"mailto:afaebmlafarinera@gmail.com\">afaebmlafarinera@gmail.com<\/a><\/p>\n","protected":false},"excerpt":{"rendered":"<p>DOCUMENTACI\u00d3 BRESSOL ESTIU 2019 Desayunos y meriendas Google Drive: Sign-in Access Google Drive with a Google account (for personal use) or Google Workspace account (for business use). Programaci\u00f3 Google Drive: Sign-in Access Google Drive with a Google account (for personal use) or Google Workspace account (for business use). Men\u00fa Google Drive: Sign-in Access Google Drive &hellip; <a href=\"https:\/\/blocs.xarxanet.org\/afaebmlafarinera\/bressol-destiu\/\" class=\"more-link\">Continua llegint <span class=\"screen-reader-text\">\u00abBressol d&#8217;Estiu\u00bb<\/span><\/a><\/p>\n","protected":false},"author":434,"featured_media":0,"parent":0,"menu_order":0,"comment_status":"closed","ping_status":"closed","template":"","meta":{"footnotes":""},"class_list":["post-1348","page","type-page","status-publish","hentry"],"_links":{"self":[{"href":"https:\/\/blocs.xarxanet.org\/afaebmlafarinera\/wp-json\/wp\/v2\/pages\/1348","targetHints":{"allow":["GET"]}}],"collection":[{"href":"https:\/\/blocs.xarxanet.org\/afaebmlafarinera\/wp-json\/wp\/v2\/pages"}],"about":[{"href":"https:\/\/blocs.xarxanet.org\/afaebmlafarinera\/wp-json\/wp\/v2\/types\/page"}],"author":[{"embeddable":true,"href":"https:\/\/blocs.xarxanet.org\/afaebmlafarinera\/wp-json\/wp\/v2\/users\/434"}],"replies":[{"embeddable":true,"href":"https:\/\/blocs.xarxanet.org\/afaebmlafarinera\/wp-json\/wp\/v2\/comments?post=1348"}],"version-history":[{"count":23,"href":"https:\/\/blocs.xarxanet.org\/afaebmlafarinera\/wp-json\/wp\/v2\/pages\/1348\/revisions"}],"predecessor-version":[{"id":1421,"href":"https:\/\/blocs.xarxanet.org\/afaebmlafarinera\/wp-json\/wp\/v2\/pages\/1348\/revisions\/1421"}],"wp:attachment":[{"href":"https:\/\/blocs.xarxanet.org\/afaebmlafarinera\/wp-json\/wp\/v2\/media?parent=1348"}],"curies":[{"name":"wp","href":"https:\/\/api.w.org\/{rel}","templated":true}]}}