{"id":756,"date":"2019-12-15T17:56:22","date_gmt":"2019-12-15T17:56:22","guid":{"rendered":"http:\/\/blocs.xarxanet.org\/afabss\/?page_id=756"},"modified":"2025-12-10T15:50:32","modified_gmt":"2025-12-10T15:50:32","slug":"contacte","status":"publish","type":"page","link":"https:\/\/blocs.xarxanet.org\/afabss\/contacte\/","title":{"rendered":"Contacte"},"content":{"rendered":"<p><strong>Associaci\u00f3 de Familiars de Malalts d&#8217;Alzheimer de Badalona, Sant Adri\u00e0 i Santa Coloma<\/strong><\/p>\n<p><strong>Direcci\u00f3:<\/strong> Carrer d&#8217;Arn\u00fas, 66, 08911 Badalona, Barcelona. <a href=\"https:\/\/maps.app.goo.gl\/Q3VoKukWhEJYhp3r6\">https:\/\/maps.app.goo.gl\/Q3VoKukWhEJYhp3r6<\/a><del><\/del><\/p>\n<hr \/>\n<p>Horari d&#8217;Atenci\u00f3 al P\u00fablic:<\/p>\n<ul>\n<li>Dimarts, dimecres i dijous de 16,00h &#8211; 19,00h<\/li>\n<li><strong>Tel\u00e8fon:<\/strong> 93 464 34 09 \/ 619 10 73 96<\/li>\n<li><strong>Email:<\/strong> <a class=\"decorated-link cursor-pointer\" rel=\"noopener\" data-start=\"334\" data-end=\"351\">afabss2@gmail.com<\/a><\/li>\n<\/ul>\n<div class=\"traductor-textarea form-group\">\n<div class=\"textarea-desti col-xs-12 col-sm-6\">\n<div>\n<hr \/>\n<\/div>\n<div class=\"form-control second-textarea\">Segueix-nos <span style=\"font-weight: 300\">a <strong>Facebook<\/strong>:<\/span><\/div>\n<div class=\"form-control second-textarea\"><span style=\"font-weight: 300\"><a href=\"https:\/\/www.facebook.com\/AFABSSAssociacioDeFamiliarsDeMalaltsDAlzheimer?locale=es_ES\">https:\/\/www.facebook.com\/AFABSSAssociacioDeFamiliarsDeMalaltsDAlzheimer?locale=es_ES<\/a><\/span><\/div>\n<div><\/div>\n<\/div>\n<\/div>\n","protected":false},"excerpt":{"rendered":"<p>Associaci\u00f3 de Familiars de Malalts d&#8217;Alzheimer de Badalona, Sant Adri\u00e0 i Santa Coloma Direcci\u00f3: Carrer d&#8217;Arn\u00fas, 66, 08911 Badalona, Barcelona. https:\/\/maps.app.goo.gl\/Q3VoKukWhEJYhp3r6 Horari d&#8217;Atenci\u00f3 al P\u00fablic: Dimarts, dimecres i dijous de 16,00h &#8211; 19,00h Tel\u00e8fon: 93 464 34 09 \/ 619 10 73 96 Email: afabss2@gmail.com Segueix-nos a Facebook: https:\/\/www.facebook.com\/AFABSSAssociacioDeFamiliarsDeMalaltsDAlzheimer?locale=es_ES<\/p>\n","protected":false},"author":160,"featured_media":0,"parent":0,"menu_order":0,"comment_status":"closed","ping_status":"closed","template":"","meta":{"footnotes":""},"class_list":["post-756","page","type-page","status-publish","hentry"],"_links":{"self":[{"href":"https:\/\/blocs.xarxanet.org\/afabss\/wp-json\/wp\/v2\/pages\/756","targetHints":{"allow":["GET"]}}],"collection":[{"href":"https:\/\/blocs.xarxanet.org\/afabss\/wp-json\/wp\/v2\/pages"}],"about":[{"href":"https:\/\/blocs.xarxanet.org\/afabss\/wp-json\/wp\/v2\/types\/page"}],"author":[{"embeddable":true,"href":"https:\/\/blocs.xarxanet.org\/afabss\/wp-json\/wp\/v2\/users\/160"}],"replies":[{"embeddable":true,"href":"https:\/\/blocs.xarxanet.org\/afabss\/wp-json\/wp\/v2\/comments?post=756"}],"version-history":[{"count":6,"href":"https:\/\/blocs.xarxanet.org\/afabss\/wp-json\/wp\/v2\/pages\/756\/revisions"}],"predecessor-version":[{"id":985,"href":"https:\/\/blocs.xarxanet.org\/afabss\/wp-json\/wp\/v2\/pages\/756\/revisions\/985"}],"wp:attachment":[{"href":"https:\/\/blocs.xarxanet.org\/afabss\/wp-json\/wp\/v2\/media?parent=756"}],"curies":[{"name":"wp","href":"https:\/\/api.w.org\/{rel}","templated":true}]}}

<p><strong>Associació de Familiars de Malalts d&#8217;Alzheimer de Badalona, Sant Adrià i Santa Coloma</strong></p>
<p><strong>Direcció:</strong> Carrer d&#8217;Arnús, 66, 08911 Badalona, Barcelona. <a href="https://maps.app.goo.gl/Q3VoKukWhEJYhp3r6">https://maps.app.goo.gl/Q3VoKukWhEJYhp3r6</a><del></del></p>
<hr />
<p>Horari d&#8217;Atenció al Públic:</p>
<ul>
<li>Dimarts, dimecres i dijous de 16,00h &#8211; 19,00h</li>
<li><strong>Telèfon:</strong> 93 464 34 09 / 619 10 73 96</li>
<li><strong>Email:</strong> <a class="decorated-link cursor-pointer" rel="noopener" data-start="334" data-end="351">afabss2@gmail.com</a></li>
</ul>
<div class="traductor-textarea form-group">
<div class="textarea-desti col-xs-12 col-sm-6">
<div>
<hr />
</div>
<div class="form-control second-textarea">Segueix-nos <span style="font-weight: 300">a <strong>Facebook</strong>:</span></div>
<div class="form-control second-textarea"><span style="font-weight: 300"><a href="https://www.facebook.com/AFABSSAssociacioDeFamiliarsDeMalaltsDAlzheimer?locale=es_ES">https://www.facebook.com/AFABSSAssociacioDeFamiliarsDeMalaltsDAlzheimer?locale=es_ES</a></span></div>
<div></div>
</div>
</div>

<p>Associació de Familiars de Malalts d&#8217;Alzheimer de Badalona, Sant Adrià i Santa Coloma Direcció: Carrer d&#8217;Arnús, 66, 08911 Badalona, Barcelona. https://maps.app.goo.gl/Q3VoKukWhEJYhp3r6 Horari d&#8217;Atenció al Públic: Dimarts, dimecres i dijous de 16,00h &#8211; 19,00h Telèfon: 93 464 34 09 / 619 10 73 96 Email: afabss2@gmail.com Segueix-nos a Facebook: https://www.facebook.com/AFABSSAssociacioDeFamiliarsDeMalaltsDAlzheimer?locale=es_ES</p>
