{"id":3970,"date":"2021-03-11T17:41:06","date_gmt":"2021-03-11T16:41:06","guid":{"rendered":"http:\/\/blocs.xarxanet.org\/aealtipla\/?page_id=3970"},"modified":"2022-01-26T18:59:08","modified_gmt":"2022-01-26T17:59:08","slug":"tardor-2020","status":"publish","type":"page","link":"https:\/\/blocs.xarxanet.org\/aealtipla\/excursions\/2020-2\/tardor-2020\/","title":{"rendered":"Tardor 2020"},"content":{"rendered":"<p><u><span style=\"color: #333333\"><strong><em>Col\u00b7locaci\u00f3 del pessebre a Sant Lloren\u00e7 del Munt (19-12-2020)<\/em><\/strong><\/span><\/u><\/p>\n<p>El vam posar el 19 de desembre a Sant Lloren\u00e7 del Munt i est\u00e0 previst recollir-lo el 9 de gener per un altre itinerari.<\/p>\n<p><img loading=\"lazy\" decoding=\"async\" class=\"aligncenter size-medium wp-image-3899\" src=\"http:\/\/blocs.xarxanet.org\/aealtipla\/files\/2021\/03\/IMG_20201219_105806_resized_20201223_073046580-300x225.jpg\" alt=\"\" width=\"300\" height=\"225\" srcset=\"https:\/\/blocs.xarxanet.org\/aealtipla\/files\/2021\/03\/IMG_20201219_105806_resized_20201223_073046580-300x225.jpg 300w, https:\/\/blocs.xarxanet.org\/aealtipla\/files\/2021\/03\/IMG_20201219_105806_resized_20201223_073046580-768x576.jpg 768w, https:\/\/blocs.xarxanet.org\/aealtipla\/files\/2021\/03\/IMG_20201219_105806_resized_20201223_073046580-1024x768.jpg 1024w, https:\/\/blocs.xarxanet.org\/aealtipla\/files\/2021\/03\/IMG_20201219_105806_resized_20201223_073046580-500x375.jpg 500w, https:\/\/blocs.xarxanet.org\/aealtipla\/files\/2021\/03\/IMG_20201219_105806_resized_20201223_073046580.jpg 1152w\" sizes=\"auto, (max-width: 300px) 85vw, 300px\" \/><\/p>\n<p><img loading=\"lazy\" decoding=\"async\" class=\"aligncenter size-medium wp-image-3903\" src=\"http:\/\/blocs.xarxanet.org\/aealtipla\/files\/2021\/03\/IMG-20201219-WA0007_resized_20201223_073047605-e1615313768142-300x150.jpeg\" alt=\"\" width=\"300\" height=\"150\" srcset=\"https:\/\/blocs.xarxanet.org\/aealtipla\/files\/2021\/03\/IMG-20201219-WA0007_resized_20201223_073047605-e1615313768142-300x150.jpeg 300w, https:\/\/blocs.xarxanet.org\/aealtipla\/files\/2021\/03\/IMG-20201219-WA0007_resized_20201223_073047605-e1615313768142-1024x512.jpeg 1024w, https:\/\/blocs.xarxanet.org\/aealtipla\/files\/2021\/03\/IMG-20201219-WA0007_resized_20201223_073047605-e1615313768142-1000x500.jpeg 1000w, https:\/\/blocs.xarxanet.org\/aealtipla\/files\/2021\/03\/IMG-20201219-WA0007_resized_20201223_073047605-e1615313768142-500x250.jpeg 500w, https:\/\/blocs.xarxanet.org\/aealtipla\/files\/2021\/03\/IMG-20201219-WA0007_resized_20201223_073047605-e1615313768142-768x384.jpeg 768w, https:\/\/blocs.xarxanet.org\/aealtipla\/files\/2021\/03\/IMG-20201219-WA0007_resized_20201223_073047605-e1615313768142.jpeg 1152w\" sizes=\"auto, (max-width: 300px) 85vw, 300px\" \/><\/p>\n<p><img loading=\"lazy\" decoding=\"async\" class=\"aligncenter size-medium wp-image-3904\" src=\"http:\/\/blocs.xarxanet.org\/aealtipla\/files\/2021\/03\/IMG-20201219-WA0009_resized_20201223_073047303-150x300.jpeg\" alt=\"\" width=\"150\" height=\"300\" srcset=\"https:\/\/blocs.xarxanet.org\/aealtipla\/files\/2021\/03\/IMG-20201219-WA0009_resized_20201223_073047303-150x300.jpeg 150w, https:\/\/blocs.xarxanet.org\/aealtipla\/files\/2021\/03\/IMG-20201219-WA0009_resized_20201223_073047303-512x1024.jpeg 512w, https:\/\/blocs.xarxanet.org\/aealtipla\/files\/2021\/03\/IMG-20201219-WA0009_resized_20201223_073047303-250x500.jpeg 250w, https:\/\/blocs.xarxanet.org\/aealtipla\/files\/2021\/03\/IMG-20201219-WA0009_resized_20201223_073047303.jpeg 576w\" sizes=\"auto, (max-width: 150px) 85vw, 150px\" \/><\/p>\n<p><img loading=\"lazy\" decoding=\"async\" class=\"aligncenter size-medium wp-image-3905\" src=\"http:\/\/blocs.xarxanet.org\/aealtipla\/files\/2021\/03\/IMG-20201219-WA0011-300x225.jpg\" alt=\"\" width=\"300\" height=\"225\" srcset=\"https:\/\/blocs.xarxanet.org\/aealtipla\/files\/2021\/03\/IMG-20201219-WA0011-300x225.jpg 300w, https:\/\/blocs.xarxanet.org\/aealtipla\/files\/2021\/03\/IMG-20201219-WA0011-768x576.jpg 768w, https:\/\/blocs.xarxanet.org\/aealtipla\/files\/2021\/03\/IMG-20201219-WA0011-1024x768.jpg 1024w, https:\/\/blocs.xarxanet.org\/aealtipla\/files\/2021\/03\/IMG-20201219-WA0011-500x375.jpg 500w, https:\/\/blocs.xarxanet.org\/aealtipla\/files\/2021\/03\/IMG-20201219-WA0011.jpg 1600w\" sizes=\"auto, (max-width: 300px) 85vw, 300px\" \/><\/p>\n<p><img loading=\"lazy\" decoding=\"async\" class=\"aligncenter size-medium wp-image-3900\" src=\"http:\/\/blocs.xarxanet.org\/aealtipla\/files\/2021\/03\/IMG-20201219-WA0000_resized_20201223_073047967-e1615313949789-300x150.jpeg\" alt=\"\" width=\"300\" height=\"150\" srcset=\"https:\/\/blocs.xarxanet.org\/aealtipla\/files\/2021\/03\/IMG-20201219-WA0000_resized_20201223_073047967-e1615313949789-300x150.jpeg 300w, https:\/\/blocs.xarxanet.org\/aealtipla\/files\/2021\/03\/IMG-20201219-WA0000_resized_20201223_073047967-e1615313949789-1024x512.jpeg 1024w, https:\/\/blocs.xarxanet.org\/aealtipla\/files\/2021\/03\/IMG-20201219-WA0000_resized_20201223_073047967-e1615313949789-1000x500.jpeg 1000w, https:\/\/blocs.xarxanet.org\/aealtipla\/files\/2021\/03\/IMG-20201219-WA0000_resized_20201223_073047967-e1615313949789-500x250.jpeg 500w, https:\/\/blocs.xarxanet.org\/aealtipla\/files\/2021\/03\/IMG-20201219-WA0000_resized_20201223_073047967-e1615313949789-768x384.jpeg 768w, https:\/\/blocs.xarxanet.org\/aealtipla\/files\/2021\/03\/IMG-20201219-WA0000_resized_20201223_073047967-e1615313949789.jpeg 1152w\" sizes=\"auto, (max-width: 300px) 85vw, 300px\" \/><\/p>\n<p><img loading=\"lazy\" decoding=\"async\" class=\"aligncenter size-medium wp-image-3902\" src=\"http:\/\/blocs.xarxanet.org\/aealtipla\/files\/2021\/03\/IMG-20201219-WA0005_resized_20201223_073046989-e1615313789525-300x150.jpeg\" alt=\"\" width=\"300\" height=\"150\" srcset=\"https:\/\/blocs.xarxanet.org\/aealtipla\/files\/2021\/03\/IMG-20201219-WA0005_resized_20201223_073046989-e1615313789525-300x150.jpeg 300w, https:\/\/blocs.xarxanet.org\/aealtipla\/files\/2021\/03\/IMG-20201219-WA0005_resized_20201223_073046989-e1615313789525-1024x512.jpeg 1024w, https:\/\/blocs.xarxanet.org\/aealtipla\/files\/2021\/03\/IMG-20201219-WA0005_resized_20201223_073046989-e1615313789525-1000x500.jpeg 1000w, https:\/\/blocs.xarxanet.org\/aealtipla\/files\/2021\/03\/IMG-20201219-WA0005_resized_20201223_073046989-e1615313789525-500x250.jpeg 500w, https:\/\/blocs.xarxanet.org\/aealtipla\/files\/2021\/03\/IMG-20201219-WA0005_resized_20201223_073046989-e1615313789525-768x384.jpeg 768w, https:\/\/blocs.xarxanet.org\/aealtipla\/files\/2021\/03\/IMG-20201219-WA0005_resized_20201223_073046989-e1615313789525.jpeg 1152w\" sizes=\"auto, (max-width: 300px) 85vw, 300px\" \/><\/p>\n<figure id=\"attachment_4120\" aria-describedby=\"caption-attachment-4120\" style=\"width: 225px\" class=\"wp-caption aligncenter\"><img loading=\"lazy\" decoding=\"async\" class=\"wp-image-4120 size-medium\" src=\"http:\/\/blocs.xarxanet.org\/aealtipla\/files\/2022\/01\/Morral-gran-225x300.jpeg\" alt=\"\" width=\"225\" height=\"300\" srcset=\"https:\/\/blocs.xarxanet.org\/aealtipla\/files\/2022\/01\/Morral-gran-225x300.jpeg 225w, https:\/\/blocs.xarxanet.org\/aealtipla\/files\/2022\/01\/Morral-gran-768x1024.jpeg 768w, https:\/\/blocs.xarxanet.org\/aealtipla\/files\/2022\/01\/Morral-gran-375x500.jpeg 375w, https:\/\/blocs.xarxanet.org\/aealtipla\/files\/2022\/01\/Morral-gran.jpeg 1536w\" sizes=\"auto, (max-width: 225px) 85vw, 225px\" \/><figcaption id=\"caption-attachment-4120\" class=\"wp-caption-text\">Morral gran<\/figcaption><\/figure>\n<p><img loading=\"lazy\" decoding=\"async\" class=\"aligncenter size-medium wp-image-4122\" src=\"http:\/\/blocs.xarxanet.org\/aealtipla\/files\/2022\/01\/2Col.locaciopessebre-225x300.jpeg\" alt=\"\" width=\"225\" height=\"300\" srcset=\"https:\/\/blocs.xarxanet.org\/aealtipla\/files\/2022\/01\/2Col.locaciopessebre-225x300.jpeg 225w, https:\/\/blocs.xarxanet.org\/aealtipla\/files\/2022\/01\/2Col.locaciopessebre-768x1024.jpeg 768w, https:\/\/blocs.xarxanet.org\/aealtipla\/files\/2022\/01\/2Col.locaciopessebre-375x500.jpeg 375w, https:\/\/blocs.xarxanet.org\/aealtipla\/files\/2022\/01\/2Col.locaciopessebre.jpeg 1536w\" sizes=\"auto, (max-width: 225px) 85vw, 225px\" \/><\/p>\n<figure id=\"attachment_4123\" aria-describedby=\"caption-attachment-4123\" style=\"width: 225px\" class=\"wp-caption aligncenter\"><img loading=\"lazy\" decoding=\"async\" class=\"wp-image-4123 size-medium\" src=\"http:\/\/blocs.xarxanet.org\/aealtipla\/files\/2022\/01\/Campaneta-que-sona-amb-el-vent-225x300.jpeg\" alt=\"\" width=\"225\" height=\"300\" srcset=\"https:\/\/blocs.xarxanet.org\/aealtipla\/files\/2022\/01\/Campaneta-que-sona-amb-el-vent-225x300.jpeg 225w, https:\/\/blocs.xarxanet.org\/aealtipla\/files\/2022\/01\/Campaneta-que-sona-amb-el-vent-768x1024.jpeg 768w, https:\/\/blocs.xarxanet.org\/aealtipla\/files\/2022\/01\/Campaneta-que-sona-amb-el-vent-375x500.jpeg 375w, https:\/\/blocs.xarxanet.org\/aealtipla\/files\/2022\/01\/Campaneta-que-sona-amb-el-vent.jpeg 1536w\" sizes=\"auto, (max-width: 225px) 85vw, 225px\" \/><figcaption id=\"caption-attachment-4123\" class=\"wp-caption-text\">Campaneta que sona amb el vent<\/figcaption><\/figure>\n<p><img loading=\"lazy\" decoding=\"async\" class=\"size-medium wp-image-3901 aligncenter\" src=\"http:\/\/blocs.xarxanet.org\/aealtipla\/files\/2021\/03\/IMG-20201219-WA0001-e1615313939200-300x150.jpeg\" alt=\"\" width=\"300\" height=\"150\" srcset=\"https:\/\/blocs.xarxanet.org\/aealtipla\/files\/2021\/03\/IMG-20201219-WA0001-e1615313939200-300x150.jpeg 300w, https:\/\/blocs.xarxanet.org\/aealtipla\/files\/2021\/03\/IMG-20201219-WA0001-e1615313939200-768x384.jpeg 768w, https:\/\/blocs.xarxanet.org\/aealtipla\/files\/2021\/03\/IMG-20201219-WA0001-e1615313939200-1024x512.jpeg 1024w, https:\/\/blocs.xarxanet.org\/aealtipla\/files\/2021\/03\/IMG-20201219-WA0001-e1615313939200-1000x500.jpeg 1000w, https:\/\/blocs.xarxanet.org\/aealtipla\/files\/2021\/03\/IMG-20201219-WA0001-e1615313939200-500x250.jpeg 500w\" sizes=\"auto, (max-width: 300px) 85vw, 300px\" \/><\/p>\n","protected":false},"excerpt":{"rendered":"<p>Col\u00b7locaci\u00f3 del pessebre a Sant Lloren\u00e7 del Munt (19-12-2020) El vam posar el 19 de desembre a Sant Lloren\u00e7 del Munt i est\u00e0 previst recollir-lo el 9 de gener per un altre itinerari.<\/p>\n","protected":false},"author":129,"featured_media":0,"parent":3813,"menu_order":4,"comment_status":"closed","ping_status":"closed","template":"","meta":{"_s2mail":"yes","footnotes":""},"class_list":["post-3970","page","type-page","status-publish","hentry"],"_links":{"self":[{"href":"https:\/\/blocs.xarxanet.org\/aealtipla\/wp-json\/wp\/v2\/pages\/3970","targetHints":{"allow":["GET"]}}],"collection":[{"href":"https:\/\/blocs.xarxanet.org\/aealtipla\/wp-json\/wp\/v2\/pages"}],"about":[{"href":"https:\/\/blocs.xarxanet.org\/aealtipla\/wp-json\/wp\/v2\/types\/page"}],"author":[{"embeddable":true,"href":"https:\/\/blocs.xarxanet.org\/aealtipla\/wp-json\/wp\/v2\/users\/129"}],"replies":[{"embeddable":true,"href":"https:\/\/blocs.xarxanet.org\/aealtipla\/wp-json\/wp\/v2\/comments?post=3970"}],"version-history":[{"count":5,"href":"https:\/\/blocs.xarxanet.org\/aealtipla\/wp-json\/wp\/v2\/pages\/3970\/revisions"}],"predecessor-version":[{"id":4341,"href":"https:\/\/blocs.xarxanet.org\/aealtipla\/wp-json\/wp\/v2\/pages\/3970\/revisions\/4341"}],"up":[{"embeddable":true,"href":"https:\/\/blocs.xarxanet.org\/aealtipla\/wp-json\/wp\/v2\/pages\/3813"}],"wp:attachment":[{"href":"https:\/\/blocs.xarxanet.org\/aealtipla\/wp-json\/wp\/v2\/media?parent=3970"}],"curies":[{"name":"wp","href":"https:\/\/api.w.org\/{rel}","templated":true}]}}