{"id":3964,"date":"2021-03-11T17:39:57","date_gmt":"2021-03-11T16:39:57","guid":{"rendered":"http:\/\/blocs.xarxanet.org\/aealtipla\/?page_id=3964"},"modified":"2022-01-28T10:01:20","modified_gmt":"2022-01-28T09:01:20","slug":"hivern-2020","status":"publish","type":"page","link":"https:\/\/blocs.xarxanet.org\/aealtipla\/excursions\/2020-2\/hivern-2020\/","title":{"rendered":"Hivern 2020"},"content":{"rendered":"<p><u><em><strong>Castell de Pera i Roca Sereny (S. Lloren\u00e7 del Munt) (26-1-2020)<\/strong><\/em><u><\/u><\/u><\/p>\n<p>Matinal 4h aprox 470m de desnivell.<\/p>\n<p>Dificultat mitjana en general. Petita grimpada a Roca Sereny (optativa).<\/p>\n<p>En cas de meteo poc favorable s&#8217;apla\u00e7ara i es far\u00e0 una altra excursi\u00f3.<\/p>\n<p>Sortirem a les 8h de Can Quit\u00e8ria. Cal llic\u00e8ncia federativa, els q vulguin sol licitar la temporal ho han de comunicar abans. Enviada m\u00e9s informaci\u00f3 per correu electr\u00f2nic<\/p>\n<p><a href=\"http:\/\/blocs.xarxanet.org\/aealtipla\/files\/2022\/01\/5RocaSareny26012020.jpeg\"><img loading=\"lazy\" decoding=\"async\" class=\"size-medium wp-image-4129 alignleft\" src=\"http:\/\/blocs.xarxanet.org\/aealtipla\/files\/2022\/01\/5RocaSareny26012020-225x300.jpeg\" alt=\"\" width=\"225\" height=\"300\" srcset=\"https:\/\/blocs.xarxanet.org\/aealtipla\/files\/2022\/01\/5RocaSareny26012020-225x300.jpeg 225w, https:\/\/blocs.xarxanet.org\/aealtipla\/files\/2022\/01\/5RocaSareny26012020-768x1024.jpeg 768w, https:\/\/blocs.xarxanet.org\/aealtipla\/files\/2022\/01\/5RocaSareny26012020-375x500.jpeg 375w, https:\/\/blocs.xarxanet.org\/aealtipla\/files\/2022\/01\/5RocaSareny26012020.jpeg 1200w\" sizes=\"auto, (max-width: 225px) 85vw, 225px\" \/><\/a><\/p>\n<p><a href=\"http:\/\/blocs.xarxanet.org\/aealtipla\/files\/2022\/01\/IMG_8952-1.jpg\"><img loading=\"lazy\" decoding=\"async\" class=\"alignnone  wp-image-4347\" src=\"http:\/\/blocs.xarxanet.org\/aealtipla\/files\/2022\/01\/IMG_8952-1-300x182.jpg\" alt=\"\" width=\"345\" height=\"209\" srcset=\"https:\/\/blocs.xarxanet.org\/aealtipla\/files\/2022\/01\/IMG_8952-1-300x182.jpg 300w, https:\/\/blocs.xarxanet.org\/aealtipla\/files\/2022\/01\/IMG_8952-1-768x467.jpg 768w, https:\/\/blocs.xarxanet.org\/aealtipla\/files\/2022\/01\/IMG_8952-1-1024x623.jpg 1024w, https:\/\/blocs.xarxanet.org\/aealtipla\/files\/2022\/01\/IMG_8952-1-500x304.jpg 500w\" sizes=\"auto, (max-width: 345px) 85vw, 345px\" \/><\/a><a href=\"http:\/\/blocs.xarxanet.org\/aealtipla\/files\/2022\/01\/3RocaSareny26012020.jpeg\"><img loading=\"lazy\" decoding=\"async\" class=\" wp-image-4130 aligncenter\" src=\"http:\/\/blocs.xarxanet.org\/aealtipla\/files\/2022\/01\/3RocaSareny26012020-169x300.jpeg\" alt=\"\" width=\"150\" height=\"266\" srcset=\"https:\/\/blocs.xarxanet.org\/aealtipla\/files\/2022\/01\/3RocaSareny26012020-169x300.jpeg 169w, https:\/\/blocs.xarxanet.org\/aealtipla\/files\/2022\/01\/3RocaSareny26012020-768x1365.jpeg 768w, https:\/\/blocs.xarxanet.org\/aealtipla\/files\/2022\/01\/3RocaSareny26012020-576x1024.jpeg 576w, https:\/\/blocs.xarxanet.org\/aealtipla\/files\/2022\/01\/3RocaSareny26012020-281x500.jpeg 281w, https:\/\/blocs.xarxanet.org\/aealtipla\/files\/2022\/01\/3RocaSareny26012020.jpeg 900w\" sizes=\"auto, (max-width: 150px) 85vw, 150px\" \/><\/a> <a href=\"http:\/\/blocs.xarxanet.org\/aealtipla\/files\/2022\/01\/6RocaSareny26012020.jpeg\"><img loading=\"lazy\" decoding=\"async\" class=\"size-medium wp-image-4133 alignleft\" src=\"http:\/\/blocs.xarxanet.org\/aealtipla\/files\/2022\/01\/6RocaSareny26012020-300x169.jpeg\" alt=\"\" width=\"300\" height=\"169\" srcset=\"https:\/\/blocs.xarxanet.org\/aealtipla\/files\/2022\/01\/6RocaSareny26012020-300x169.jpeg 300w, https:\/\/blocs.xarxanet.org\/aealtipla\/files\/2022\/01\/6RocaSareny26012020-768x432.jpeg 768w, https:\/\/blocs.xarxanet.org\/aealtipla\/files\/2022\/01\/6RocaSareny26012020-1024x576.jpeg 1024w, https:\/\/blocs.xarxanet.org\/aealtipla\/files\/2022\/01\/6RocaSareny26012020-500x281.jpeg 500w, https:\/\/blocs.xarxanet.org\/aealtipla\/files\/2022\/01\/6RocaSareny26012020.jpeg 1600w\" sizes=\"auto, (max-width: 300px) 85vw, 300px\" \/><\/a> <a href=\"http:\/\/blocs.xarxanet.org\/aealtipla\/files\/2022\/01\/Castell-de-Pera.jpeg\"><img loading=\"lazy\" decoding=\"async\" class=\"size-medium wp-image-4134 aligncenter\" src=\"http:\/\/blocs.xarxanet.org\/aealtipla\/files\/2022\/01\/Castell-de-Pera-169x300.jpeg\" alt=\"\" width=\"169\" height=\"300\" srcset=\"https:\/\/blocs.xarxanet.org\/aealtipla\/files\/2022\/01\/Castell-de-Pera-169x300.jpeg 169w, https:\/\/blocs.xarxanet.org\/aealtipla\/files\/2022\/01\/Castell-de-Pera-768x1365.jpeg 768w, https:\/\/blocs.xarxanet.org\/aealtipla\/files\/2022\/01\/Castell-de-Pera-576x1024.jpeg 576w, https:\/\/blocs.xarxanet.org\/aealtipla\/files\/2022\/01\/Castell-de-Pera-281x500.jpeg 281w, https:\/\/blocs.xarxanet.org\/aealtipla\/files\/2022\/01\/Castell-de-Pera.jpeg 900w\" sizes=\"auto, (max-width: 169px) 85vw, 169px\" \/><\/a><\/p>\n<hr \/>\n<p><u><em><strong>Caus i Fonts de Mura (9-2-2020)<\/strong><\/em><\/u><\/p>\n<p><a href=\"http:\/\/blocs.xarxanet.org\/aealtipla\/files\/2022\/01\/1CausFontsMura9220.jpeg\"><img loading=\"lazy\" decoding=\"async\" class=\"size-medium wp-image-4142 aligncenter\" src=\"http:\/\/blocs.xarxanet.org\/aealtipla\/files\/2022\/01\/1CausFontsMura9220-300x203.jpeg\" alt=\"\" width=\"300\" height=\"203\" srcset=\"https:\/\/blocs.xarxanet.org\/aealtipla\/files\/2022\/01\/1CausFontsMura9220-300x203.jpeg 300w, https:\/\/blocs.xarxanet.org\/aealtipla\/files\/2022\/01\/1CausFontsMura9220-768x521.jpeg 768w, https:\/\/blocs.xarxanet.org\/aealtipla\/files\/2022\/01\/1CausFontsMura9220-500x339.jpeg 500w, https:\/\/blocs.xarxanet.org\/aealtipla\/files\/2022\/01\/1CausFontsMura9220.jpeg 944w\" sizes=\"auto, (max-width: 300px) 85vw, 300px\" \/><\/a><\/p>\n<p><a href=\"http:\/\/blocs.xarxanet.org\/aealtipla\/files\/2022\/01\/2CausFontsMura9220.jpeg\"><img loading=\"lazy\" decoding=\"async\" class=\"alignnone size-medium wp-image-4138\" src=\"http:\/\/blocs.xarxanet.org\/aealtipla\/files\/2022\/01\/2CausFontsMura9220-300x225.jpeg\" alt=\"\" width=\"300\" height=\"225\" srcset=\"https:\/\/blocs.xarxanet.org\/aealtipla\/files\/2022\/01\/2CausFontsMura9220-300x225.jpeg 300w, https:\/\/blocs.xarxanet.org\/aealtipla\/files\/2022\/01\/2CausFontsMura9220-768x576.jpeg 768w, https:\/\/blocs.xarxanet.org\/aealtipla\/files\/2022\/01\/2CausFontsMura9220-1024x768.jpeg 1024w, https:\/\/blocs.xarxanet.org\/aealtipla\/files\/2022\/01\/2CausFontsMura9220-500x375.jpeg 500w, https:\/\/blocs.xarxanet.org\/aealtipla\/files\/2022\/01\/2CausFontsMura9220.jpeg 2048w\" sizes=\"auto, (max-width: 300px) 85vw, 300px\" \/><\/a> <a href=\"http:\/\/blocs.xarxanet.org\/aealtipla\/files\/2022\/01\/3CausFontsMura9220.jpeg\"><img loading=\"lazy\" decoding=\"async\" class=\"alignnone size-medium wp-image-4139\" src=\"http:\/\/blocs.xarxanet.org\/aealtipla\/files\/2022\/01\/3CausFontsMura9220-300x225.jpeg\" alt=\"\" width=\"300\" height=\"225\" srcset=\"https:\/\/blocs.xarxanet.org\/aealtipla\/files\/2022\/01\/3CausFontsMura9220-300x225.jpeg 300w, https:\/\/blocs.xarxanet.org\/aealtipla\/files\/2022\/01\/3CausFontsMura9220-768x576.jpeg 768w, https:\/\/blocs.xarxanet.org\/aealtipla\/files\/2022\/01\/3CausFontsMura9220-1024x768.jpeg 1024w, https:\/\/blocs.xarxanet.org\/aealtipla\/files\/2022\/01\/3CausFontsMura9220-500x375.jpeg 500w, https:\/\/blocs.xarxanet.org\/aealtipla\/files\/2022\/01\/3CausFontsMura9220.jpeg 2048w\" sizes=\"auto, (max-width: 300px) 85vw, 300px\" \/><\/a><\/p>\n<p><a href=\"http:\/\/blocs.xarxanet.org\/aealtipla\/files\/2022\/01\/5CausFontsMura9220.jpeg\"><img loading=\"lazy\" decoding=\"async\" class=\"alignnone size-medium wp-image-4141\" src=\"http:\/\/blocs.xarxanet.org\/aealtipla\/files\/2022\/01\/5CausFontsMura9220-300x225.jpeg\" alt=\"\" width=\"300\" height=\"225\" srcset=\"https:\/\/blocs.xarxanet.org\/aealtipla\/files\/2022\/01\/5CausFontsMura9220-300x225.jpeg 300w, https:\/\/blocs.xarxanet.org\/aealtipla\/files\/2022\/01\/5CausFontsMura9220-768x576.jpeg 768w, https:\/\/blocs.xarxanet.org\/aealtipla\/files\/2022\/01\/5CausFontsMura9220-1024x768.jpeg 1024w, https:\/\/blocs.xarxanet.org\/aealtipla\/files\/2022\/01\/5CausFontsMura9220-500x375.jpeg 500w, https:\/\/blocs.xarxanet.org\/aealtipla\/files\/2022\/01\/5CausFontsMura9220.jpeg 2048w\" sizes=\"auto, (max-width: 300px) 85vw, 300px\" \/><\/a> <a href=\"http:\/\/blocs.xarxanet.org\/aealtipla\/files\/2022\/01\/2CausFontsMura9220.jpeg\"><img loading=\"lazy\" decoding=\"async\" class=\"alignnone size-medium wp-image-4138\" src=\"http:\/\/blocs.xarxanet.org\/aealtipla\/files\/2022\/01\/2CausFontsMura9220-300x225.jpeg\" alt=\"\" width=\"300\" height=\"225\" srcset=\"https:\/\/blocs.xarxanet.org\/aealtipla\/files\/2022\/01\/2CausFontsMura9220-300x225.jpeg 300w, https:\/\/blocs.xarxanet.org\/aealtipla\/files\/2022\/01\/2CausFontsMura9220-768x576.jpeg 768w, https:\/\/blocs.xarxanet.org\/aealtipla\/files\/2022\/01\/2CausFontsMura9220-1024x768.jpeg 1024w, https:\/\/blocs.xarxanet.org\/aealtipla\/files\/2022\/01\/2CausFontsMura9220-500x375.jpeg 500w, https:\/\/blocs.xarxanet.org\/aealtipla\/files\/2022\/01\/2CausFontsMura9220.jpeg 2048w\" sizes=\"auto, (max-width: 300px) 85vw, 300px\" \/><\/a><\/p>\n<hr \/>\n<p><u><em><strong>Sant Cebri\u00e0 de Cabanyes\u00a0<\/strong><\/em><em><strong>(Sant Fost de Campsentelles (16-2<\/strong><\/em><em><strong>-2020)<\/strong><\/em><\/u><\/p>\n<p><strong>Esgl\u00e9sies amagades del Vall\u00e8s Oriental<\/strong><\/p>\n<p>A l&#8217;extrem meridional del Vall\u00e8s s&#8217;amaguen quatre edificis singulars de l&#8217;arquitectura religiosa vallesana,les esgl\u00e9sies de Santa Maria de Gallecs (Mollet del Vall\u00e8s). Santa Maria l&#8217;Antiga,Santiga (Santa Perp\u00e8tua de Mogoda). Sant Cebri\u00e0 de Cabanyes (Sant Fost de Campsentelles) i Sant Pere de Reixac (Montcada i Reixac).<\/p>\n<p>Totes quatre van ser l&#8217;epicentre de les seves comunitats fins que la hist\u00f2ria va atorgar un paper principal a les esgl\u00e9sies titulars dels quatre municipis, i llavors es transformarien en esgl\u00e9sies sufrag\u00e0nies. La forta personalitat que tenen, per\u00f2 ha aconseguit que totes quatre llueixin avui dia amb esplendor enmig d&#8217;uns entorns agr\u00edcoles i forestals insospitats a la industriosa comarca vallesana.<\/p>\n<p><strong>Sant Cebri\u00e0 de Cabanyes<\/strong><\/p>\n<p>L&#8217;esgl\u00e9sia de Sant Cebri\u00e0 de Cabanyes es troba al terme municipal de Sant Fost de Campsentelles. El 1504 va ser unida a la parr\u00f2quia de Sant Fost com a sufrag\u00e0nia. La primera not\u00edcia escrita de 1113. L&#8217;any 1192 fou consagrada pel bisbe de Barcelona, segurament despr\u00e9s de fer-se importants reformes.<\/p>\n<p>Vers 1877 s&#8217;hi van deixar de celebrar misses: aleshores va ser tancada i va comen\u00e7ar la seva decad\u00e8ncia.Cabanyes es una esgl\u00e9sia rom\u00e0nica on es poden apreciar dues fases constructives: a la part nord es veuen carreus m\u00e9s petits i irregulars (segle XI?). En canvi, la fa\u00e7ana i la paret sud tenen uns carreus m\u00e9s grans i rectangulars, possiblement de finals XII. Les finestres amb forma de T, al sud, s\u00f3n considerades \u00faniques al rom\u00e0nic catal\u00e0. La volta interior \u00e9s apuntada, de transici\u00f3 del rom\u00e0nic al g\u00f2tic.L&#8217;absis es va esfondrar completament el 1962 i va ser reconstru\u00eft entre 1971 i 1984, quan el cardenal Jubany va beneir la restauraci\u00f3 de tot el temple. D&#8217;aquesta esglesiola es conserva un frontal del segle XIV al Museu Episcopal de Vic i un retaule de finals del XV al MNAC de Barcelona. El terme de Cabanyes abastava una part de l&#8217;actual de Sant Fost i tamb\u00e9 el de La LLagosta.<\/p>\n<p>Avui l&#8217;edifici pertany al bisbat, i la parr\u00f2quia de Sant Fost i el grup Amics de Cabanyes tenen cura del seu manteniment.<\/p>\n<p>VISITA: tots els diumenges i festius, de 9 a 11h.<\/p>\n<p><strong>ITINERARI CIRCULAR: Sant Fost de Campsentelles &gt; Cementiri SFC &gt; Estaci\u00f3 subel\u00e8ctrica SFC &gt; Can Torres &gt; Ermita de Sant Cebri\u00e0 de Cabanyes (esmor\u00e7ar) &gt; Riera de Sant Pon\u00e7 &gt; Barri de Sant Pere &gt; Riera de Sant Fost &gt; SFC<\/strong><\/p>\n<p>Durada total: 2h 30m &#8211; 2h 45m (temps real de caminada: 2h &#8211; 2h 15m)<\/p>\n<p>Dist\u00e0ncia total:6100 m. aprox.<\/p>\n<p>Desnivell acumulat: +201 m \/ -199 m. (cota m\u00e0x: 165 m. \/ cota m\u00edn: 77 m.)<\/p>\n<p>L&#8217;itinerari transita majorit\u00e0riament per pistes amples, amb pujades i baixades sense excessiva pendent ni longitud, algun tram urb\u00e0, i al final de la caminada amb una drecera i pas de riera no complicats.<\/p>\n<p>Recomendacions: cal\u00e7at de muntanya c\u00f2mode i amb bona adher\u00e8ncia, bastons de muntanya, protecci\u00f3 solar, i agua.<\/p>\n<p><a href=\"http:\/\/blocs.xarxanet.org\/aealtipla\/files\/2022\/01\/11S.-Fost-de-Campsentelles16-2-2020.jpeg\"><img loading=\"lazy\" decoding=\"async\" class=\"alignnone size-medium wp-image-4145\" src=\"http:\/\/blocs.xarxanet.org\/aealtipla\/files\/2022\/01\/11S.-Fost-de-Campsentelles16-2-2020-300x209.jpeg\" alt=\"\" width=\"300\" height=\"209\" srcset=\"https:\/\/blocs.xarxanet.org\/aealtipla\/files\/2022\/01\/11S.-Fost-de-Campsentelles16-2-2020-300x209.jpeg 300w, https:\/\/blocs.xarxanet.org\/aealtipla\/files\/2022\/01\/11S.-Fost-de-Campsentelles16-2-2020-768x535.jpeg 768w, https:\/\/blocs.xarxanet.org\/aealtipla\/files\/2022\/01\/11S.-Fost-de-Campsentelles16-2-2020-500x348.jpeg 500w, https:\/\/blocs.xarxanet.org\/aealtipla\/files\/2022\/01\/11S.-Fost-de-Campsentelles16-2-2020.jpeg 843w\" sizes=\"auto, (max-width: 300px) 85vw, 300px\" \/><\/a> <a href=\"http:\/\/blocs.xarxanet.org\/aealtipla\/files\/2022\/01\/12S.FostdeCampsntelles16-2-2020.jpeg\"><img loading=\"lazy\" decoding=\"async\" class=\"alignnone size-medium wp-image-4146\" src=\"http:\/\/blocs.xarxanet.org\/aealtipla\/files\/2022\/01\/12S.FostdeCampsntelles16-2-2020-300x213.jpeg\" alt=\"\" width=\"300\" height=\"213\" srcset=\"https:\/\/blocs.xarxanet.org\/aealtipla\/files\/2022\/01\/12S.FostdeCampsntelles16-2-2020-300x213.jpeg 300w, https:\/\/blocs.xarxanet.org\/aealtipla\/files\/2022\/01\/12S.FostdeCampsntelles16-2-2020-768x545.jpeg 768w, https:\/\/blocs.xarxanet.org\/aealtipla\/files\/2022\/01\/12S.FostdeCampsntelles16-2-2020-500x355.jpeg 500w, https:\/\/blocs.xarxanet.org\/aealtipla\/files\/2022\/01\/12S.FostdeCampsntelles16-2-2020.jpeg 1000w\" sizes=\"auto, (max-width: 300px) 85vw, 300px\" \/><\/a><\/p>\n<hr \/>\n<p><u><em><strong>Cal\u00e7otada amb passejada per Collserola (23-2-2020)<\/strong><\/em><\/u><\/p>\n<p>El 23 de febrer de 2020 es va fer una cal\u00e7otada amb passejada per Collserola.<\/p>\n","protected":false},"excerpt":{"rendered":"<p>Castell de Pera i Roca Sereny (S. Lloren\u00e7 del Munt) (26-1-2020) Matinal 4h aprox 470m de desnivell. Dificultat mitjana en general. Petita grimpada a Roca Sereny (optativa). En cas de meteo poc favorable s&#8217;apla\u00e7ara i es far\u00e0 una altra excursi\u00f3. Sortirem a les 8h de Can Quit\u00e8ria. Cal llic\u00e8ncia federativa, els q vulguin sol licitar &hellip; <a href=\"https:\/\/blocs.xarxanet.org\/aealtipla\/excursions\/2020-2\/hivern-2020\/\" class=\"more-link\">Continua llegint <span class=\"screen-reader-text\">\u00abHivern 2020\u00bb<\/span><\/a><\/p>\n","protected":false},"author":129,"featured_media":0,"parent":3813,"menu_order":1,"comment_status":"closed","ping_status":"closed","template":"","meta":{"_s2mail":"yes","footnotes":""},"class_list":["post-3964","page","type-page","status-publish","hentry"],"_links":{"self":[{"href":"https:\/\/blocs.xarxanet.org\/aealtipla\/wp-json\/wp\/v2\/pages\/3964","targetHints":{"allow":["GET"]}}],"collection":[{"href":"https:\/\/blocs.xarxanet.org\/aealtipla\/wp-json\/wp\/v2\/pages"}],"about":[{"href":"https:\/\/blocs.xarxanet.org\/aealtipla\/wp-json\/wp\/v2\/types\/page"}],"author":[{"embeddable":true,"href":"https:\/\/blocs.xarxanet.org\/aealtipla\/wp-json\/wp\/v2\/users\/129"}],"replies":[{"embeddable":true,"href":"https:\/\/blocs.xarxanet.org\/aealtipla\/wp-json\/wp\/v2\/comments?post=3964"}],"version-history":[{"count":18,"href":"https:\/\/blocs.xarxanet.org\/aealtipla\/wp-json\/wp\/v2\/pages\/3964\/revisions"}],"predecessor-version":[{"id":4349,"href":"https:\/\/blocs.xarxanet.org\/aealtipla\/wp-json\/wp\/v2\/pages\/3964\/revisions\/4349"}],"up":[{"embeddable":true,"href":"https:\/\/blocs.xarxanet.org\/aealtipla\/wp-json\/wp\/v2\/pages\/3813"}],"wp:attachment":[{"href":"https:\/\/blocs.xarxanet.org\/aealtipla\/wp-json\/wp\/v2\/media?parent=3964"}],"curies":[{"name":"wp","href":"https:\/\/api.w.org\/{rel}","templated":true}]}}