{"id":3953,"date":"2021-03-11T17:35:01","date_gmt":"2021-03-11T16:35:01","guid":{"rendered":"http:\/\/blocs.xarxanet.org\/aealtipla\/?page_id=3953"},"modified":"2021-03-11T18:25:59","modified_gmt":"2021-03-11T17:25:59","slug":"tardor-2013","status":"publish","type":"page","link":"https:\/\/blocs.xarxanet.org\/aealtipla\/excursions\/2013-2\/tardor-2013\/","title":{"rendered":"Tardor 2013"},"content":{"rendered":"<h4><\/h4>\n<h4><\/h4>\n<h4>Introducci\u00f3 a la geologia de Sant Lloren\u00e7 del Munt i Montserrat<\/h4>\n<h5><strong><span style=\"color: #993300\">Dissabte 5 d\u2019octubre, a les 19:30,<\/span><\/strong><\/h5>\n<h5><strong><span style=\"color: #993300\">Diumenge, 6 d\u2019octubre, sortida a Montserrat<\/span><\/strong><\/h5>\n<p><a href=\"http:\/\/blocs.xarxanet.org\/aealtipla\/files\/2013\/10\/13-10-conferenciageologia.jpg\"><img loading=\"lazy\" decoding=\"async\" class=\"alignleft size-full wp-image-581\" src=\"http:\/\/blocs.xarxanet.org\/aealtipla\/files\/2013\/10\/13-10-conferenciageologia.jpg\" alt=\"\" width=\"322\" height=\"241\" srcset=\"https:\/\/blocs.xarxanet.org\/aealtipla\/files\/2013\/10\/13-10-conferenciageologia.jpg 322w, https:\/\/blocs.xarxanet.org\/aealtipla\/files\/2013\/10\/13-10-conferenciageologia-300x224.jpg 300w\" sizes=\"auto, (max-width: 322px) 85vw, 322px\" \/><\/a><\/p>\n<p><strong>A c\u00e0rrec de: Pablo Rodr\u00edguez i<br \/>\nLaura Burrel<\/strong><\/p>\n<p>&nbsp;<\/p>\n<p>Per a tothom a qui li<br \/>\ninteressi comen\u00e7ar a con\u00e8ixer la geologia de Catalunya, fent \u00e8mfasi en l\u2019origen<br \/>\ni formaci\u00f3 d\u2019aquestes dues muntanyes<br \/>\nActivitat gratu\u00efta i oberta a tothom.<\/p>\n<p>Al llarg de l\u2019explicaci\u00f3 s\u2019empraran diversos mapes geol\u00f2gics i taules dels temps geol\u00f2gics, donant les claus per aprendre a interpretar-los, assolint les nocions\u00a0 b\u00e0siques per a qu\u00e8 siguin \u00fatils per a comprendre la geologia de cada zona quan es va al camp.<\/p>\n<p>A la sortida a Montserrat, farem un itinerari assequible a tothom on es puguin veure afloraments claus per entendre la seva hist\u00f2ria i explicarem els processos geol\u00f2gics,\u00a0 tot observant el seu resultat en el paisatge.<\/p>\n<p>Durant la xerrada i l\u2019excursi\u00f3 donarem els coneixements b\u00e0sics de geologia per entendre aquestes dues muntanyes tan emblem\u00e0tiques del nostre paisatge. Explicarem com era la nostra terra en el moment en qu\u00e8 tots aquests materials es van sedimentar, d\u2019on provenien i perqu\u00e8 hi ha tanta quantitat de f\u00f2ssils marins. Tamb\u00e9 explicarem per qu\u00e8 malgrat que la formaci\u00f3 va ser la mateixa, Sant Lloren\u00e7 i Montserrat tenen formes diferents i quins s\u00f3n els processos erosius que les han originat.<\/p>\n<h4><span style=\"text-decoration: underline\">Continguts<\/span><\/h4>\n<p>Coneixement de les unitats geol\u00f2giques de Catalunya.<\/p>\n<p>Introducci\u00f3 al concepte de temps geol\u00f2gic.<\/p>\n<p>Principals tipus de roques.<\/p>\n<p>Processos de formaci\u00f3 dels materials que constitueixen Sant Lloren\u00e7 i Montserrat.<\/p>\n<p>Configuraci\u00f3 del relleu actual: processos erosius que han portat a les formes caracter\u00edstiques.<\/p>\n<p>NOTA: Per l\u2019itinerari geol\u00f2gic a Montserrat de diumenge 6 d&#8217;octubre, cal inscripci\u00f3 pr\u00e8via a <a href=\"mailto:altipla@caminar.info\">altipla@caminar.info<\/a><\/p>\n<hr \/>\n<h4>Santa Fe del Montseny. Sortida tranquil\u00b7la. Volta al pant\u00e0 de Santa Fe<\/h4>\n<h4><strong>Dimecres, 13 de novembre<\/strong><\/h4>\n<p>Vam fer la volta al pant\u00e0 de Santa Fe, i despr\u00e9s en cotxe vam travessar el mass\u00eds, pujant fins a l&#8217;aparcament del Tur\u00f3 de l&#8217;Homes i baixant al poble del Montseny.<\/p>\n<p><a href=\"http:\/\/blocs.xarxanet.org\/aealtipla\/files\/2013\/10\/HPIM2239.jpg\">\u00a0<\/a><\/p>\n<p>Sortirem de Sant Cugat a les 8h:30 del mat\u00ed en cotxes propis.<\/p>\n<p>Us proposem aquesta tranquil\u00b7la excursi\u00f3 per les rodalies de Santa Fe del Montseny, per gaudir de l&#8217;exuberant vegetaci\u00f3 de les seves fagedes, i la bellesa crom\u00e0tica de les fulles de faig a la tardor.<\/p>\n<p>Des de Santa Fe, on hi ha diversos establiments tur\u00edstics i un centre d\u2019informaci\u00f3 del Montseny, hi ha diversos itineraris molt f\u00e0cils i curts, aptes per a tot tipus de persones. Podem triar-ne un, o m\u00e9s d&#8217;un i enlla\u00e7ar-los.<\/p>\n<p>A. Anar\u00a0a fer la volta al proper pant\u00e0: veurem varietat d&#8217;arbres, entre ells\u00a0avets, castanyers i fajos a banda de les sequoies de Santa Fe. Des del pant\u00e0 hi ha una molt bona vista de Les Agudes i la fageda i avetosa.<\/p>\n<p>B Arribar-nos al proper Tur\u00f3 del Morou.<\/p>\n<p>C.\u00a0Anar a la font de Passavets i tornar (a peu o en cotxe): \u00a0Itinerari circular per gaudir plenament de la fageda a la tardor.<\/p>\n<p><strong>Material:<\/strong> Roba i cal\u00e7at adient per caminar per la muntanya, esmorzar, dinar (si s&#8217;escau) i aigua, ja que la de les fonts no t\u00e9 garantia sanit\u00e0ria.<br \/>\n<img loading=\"lazy\" decoding=\"async\" class=\"aligncenter wp-image-1575 size-large\" src=\"http:\/\/blocs.xarxanet.org\/aealtipla\/files\/2013\/10\/HPIM2258-1024x770.jpg\" alt=\"HPIM2258\" width=\"584\" height=\"439\" srcset=\"https:\/\/blocs.xarxanet.org\/aealtipla\/files\/2013\/10\/HPIM2258-1024x770.jpg 1024w, https:\/\/blocs.xarxanet.org\/aealtipla\/files\/2013\/10\/HPIM2258-300x225.jpg 300w\" sizes=\"auto, (max-width: 584px) 85vw, 584px\" \/><br \/>\n<img loading=\"lazy\" decoding=\"async\" class=\"aligncenter wp-image-1574 size-large\" src=\"http:\/\/blocs.xarxanet.org\/aealtipla\/files\/2013\/10\/HPIM2243-1024x770.jpg\" alt=\"HPIM2243\" width=\"584\" height=\"439\" srcset=\"https:\/\/blocs.xarxanet.org\/aealtipla\/files\/2013\/10\/HPIM2243-1024x770.jpg 1024w, https:\/\/blocs.xarxanet.org\/aealtipla\/files\/2013\/10\/HPIM2243-300x225.jpg 300w\" sizes=\"auto, (max-width: 584px) 85vw, 584px\" \/><br \/>\n<img loading=\"lazy\" decoding=\"async\" class=\"aligncenter size-large wp-image-1573\" src=\"http:\/\/blocs.xarxanet.org\/aealtipla\/files\/2013\/10\/HPIM2254-1024x770.jpg\" alt=\"HPIM2254\" width=\"495\" height=\"372\" srcset=\"https:\/\/blocs.xarxanet.org\/aealtipla\/files\/2013\/10\/HPIM2254-1024x770.jpg 1024w, https:\/\/blocs.xarxanet.org\/aealtipla\/files\/2013\/10\/HPIM2254-300x225.jpg 300w\" sizes=\"auto, (max-width: 495px) 85vw, 495px\" \/><br \/>\n<img loading=\"lazy\" decoding=\"async\" class=\"aligncenter wp-image-1572 size-large\" src=\"http:\/\/blocs.xarxanet.org\/aealtipla\/files\/2013\/10\/HPIM2239-1024x770.jpg\" alt=\"HPIM2239\" width=\"584\" height=\"439\" srcset=\"https:\/\/blocs.xarxanet.org\/aealtipla\/files\/2013\/10\/HPIM2239-1024x770.jpg 1024w, https:\/\/blocs.xarxanet.org\/aealtipla\/files\/2013\/10\/HPIM2239-300x225.jpg 300w\" sizes=\"auto, (max-width: 584px) 85vw, 584px\" \/><\/p>\n","protected":false},"excerpt":{"rendered":"<p>Introducci\u00f3 a la geologia de Sant Lloren\u00e7 del Munt i Montserrat Dissabte 5 d\u2019octubre, a les 19:30, Diumenge, 6 d\u2019octubre, sortida a Montserrat A c\u00e0rrec de: Pablo Rodr\u00edguez i Laura Burrel &nbsp; Per a tothom a qui li interessi comen\u00e7ar a con\u00e8ixer la geologia de Catalunya, fent \u00e8mfasi en l\u2019origen i formaci\u00f3 d\u2019aquestes dues muntanyes &hellip; <a href=\"https:\/\/blocs.xarxanet.org\/aealtipla\/excursions\/2013-2\/tardor-2013\/\" class=\"more-link\">Continua llegint <span class=\"screen-reader-text\">\u00abTardor 2013\u00bb<\/span><\/a><\/p>\n","protected":false},"author":129,"featured_media":0,"parent":3793,"menu_order":4,"comment_status":"closed","ping_status":"closed","template":"","meta":{"_s2mail":"yes","footnotes":""},"class_list":["post-3953","page","type-page","status-publish","hentry"],"_links":{"self":[{"href":"https:\/\/blocs.xarxanet.org\/aealtipla\/wp-json\/wp\/v2\/pages\/3953","targetHints":{"allow":["GET"]}}],"collection":[{"href":"https:\/\/blocs.xarxanet.org\/aealtipla\/wp-json\/wp\/v2\/pages"}],"about":[{"href":"https:\/\/blocs.xarxanet.org\/aealtipla\/wp-json\/wp\/v2\/types\/page"}],"author":[{"embeddable":true,"href":"https:\/\/blocs.xarxanet.org\/aealtipla\/wp-json\/wp\/v2\/users\/129"}],"replies":[{"embeddable":true,"href":"https:\/\/blocs.xarxanet.org\/aealtipla\/wp-json\/wp\/v2\/comments?post=3953"}],"version-history":[{"count":3,"href":"https:\/\/blocs.xarxanet.org\/aealtipla\/wp-json\/wp\/v2\/pages\/3953\/revisions"}],"predecessor-version":[{"id":4051,"href":"https:\/\/blocs.xarxanet.org\/aealtipla\/wp-json\/wp\/v2\/pages\/3953\/revisions\/4051"}],"up":[{"embeddable":true,"href":"https:\/\/blocs.xarxanet.org\/aealtipla\/wp-json\/wp\/v2\/pages\/3793"}],"wp:attachment":[{"href":"https:\/\/blocs.xarxanet.org\/aealtipla\/wp-json\/wp\/v2\/media?parent=3953"}],"curies":[{"name":"wp","href":"https:\/\/api.w.org\/{rel}","templated":true}]}}